Last updated on 2025-10-21 12:49:50 CEST.
Flavor | Version | Tinstall | Tcheck | Ttotal | Status | Flags |
---|---|---|---|---|---|---|
r-devel-linux-x86_64-debian-clang | 1.0.6 | 7.93 | 68.03 | 75.96 | NOTE | |
r-devel-linux-x86_64-debian-gcc | 1.0.6 | 6.57 | 45.90 | 52.47 | NOTE | |
r-devel-linux-x86_64-fedora-clang | 1.0.6 | 23.00 | 95.21 | 118.21 | NOTE | |
r-devel-linux-x86_64-fedora-gcc | 1.0.6 | 20.00 | 103.63 | 123.63 | NOTE | |
r-devel-windows-x86_64 | 1.0.6 | 18.00 | 84.00 | 102.00 | NOTE | |
r-patched-linux-x86_64 | 1.0.6 | 9.32 | 62.94 | 72.26 | NOTE | |
r-release-linux-x86_64 | 1.0.6 | 7.54 | 63.07 | 70.61 | NOTE | |
r-release-macos-arm64 | 1.0.6 | 7.00 | 36.00 | 43.00 | NOTE | |
r-release-macos-x86_64 | 1.0.6 | 7.00 | 71.00 | 78.00 | NOTE | |
r-release-windows-x86_64 | 1.0.6 | 21.00 | 87.00 | 108.00 | NOTE | |
r-oldrel-macos-arm64 | 1.0.6 | 4.00 | 36.00 | 40.00 | OK | |
r-oldrel-macos-x86_64 | 1.0.6 | 62.00 | OK | |||
r-oldrel-windows-x86_64 | 1.0.6 | 20.00 | 104.00 | 124.00 | OK |
Version: 1.0.6
Check: compiled code
Result: NOTE
File ‘fansi/libs/fansi.so’:
Found non-API call to R: ‘R_nchar’
Compiled code should not call non-API entry points in R.
See ‘Writing portable packages’ in the ‘Writing R Extensions’ manual,
and section ‘Moving into C API compliance’ for issues with the use of
non-API entry points.
Flavors: r-devel-linux-x86_64-debian-clang, r-devel-linux-x86_64-debian-gcc, r-devel-linux-x86_64-fedora-clang, r-devel-linux-x86_64-fedora-gcc, r-patched-linux-x86_64, r-release-linux-x86_64, r-release-macos-arm64, r-release-macos-x86_64
Version: 1.0.6
Check: compiled code
Result: NOTE
File 'fansi/libs/x64/fansi.dll':
Found non-API call to R: 'R_nchar'
Compiled code should not call non-API entry points in R.
See 'Writing portable packages' in the 'Writing R Extensions' manual,
and section 'Moving into C API compliance' for issues with the use of
non-API entry points.
Flavors: r-devel-windows-x86_64, r-release-windows-x86_64