CRAN Package Check Results for Package fansi

Last updated on 2025-05-19 01:49:53 CEST.

Flavor Version Tinstall Tcheck Ttotal Status Flags
r-devel-linux-x86_64-debian-clang 1.0.6 7.70 64.12 71.82 NOTE
r-devel-linux-x86_64-debian-gcc 1.0.6 6.53 45.38 51.91 NOTE
r-devel-linux-x86_64-fedora-clang 1.0.6 111.66 NOTE
r-devel-linux-x86_64-fedora-gcc 1.0.6 124.93 NOTE
r-devel-windows-x86_64 1.0.6 20.00 144.00 164.00 NOTE
r-patched-linux-x86_64 1.0.6 10.18 63.48 73.66 NOTE
r-release-linux-x86_64 1.0.6 12.17 61.42 73.59 NOTE
r-release-macos-arm64 1.0.6 43.00 NOTE
r-release-macos-x86_64 1.0.6 78.00 NOTE
r-release-windows-x86_64 1.0.6 16.00 94.00 110.00 NOTE
r-oldrel-macos-arm64 1.0.6 40.00 OK
r-oldrel-macos-x86_64 1.0.6 62.00 OK
r-oldrel-windows-x86_64 1.0.6 19.00 102.00 121.00 OK

Check Details

Version: 1.0.6
Check: compiled code
Result: NOTE File ‘fansi/libs/fansi.so’: Found non-API call to R: ‘R_nchar’ Compiled code should not call non-API entry points in R. See ‘Writing portable packages’ in the ‘Writing R Extensions’ manual, and section ‘Moving into C API compliance’ for issues with the use of non-API entry points. Flavors: r-devel-linux-x86_64-debian-clang, r-devel-linux-x86_64-debian-gcc, r-devel-linux-x86_64-fedora-clang, r-devel-linux-x86_64-fedora-gcc, r-patched-linux-x86_64, r-release-linux-x86_64, r-release-macos-arm64, r-release-macos-x86_64

Version: 1.0.6
Check: compiled code
Result: NOTE File 'fansi/libs/x64/fansi.dll': Found non-API call to R: 'R_nchar' Compiled code should not call non-API entry points in R. See 'Writing portable packages' in the 'Writing R Extensions' manual, and section 'Moving into C API compliance' for issues with the use of non-API entry points. Flavors: r-devel-windows-x86_64, r-release-windows-x86_64