Last updated on 2025-04-29 01:49:32 CEST.
Flavor | Version | Tinstall | Tcheck | Ttotal | Status | Flags |
---|---|---|---|---|---|---|
r-devel-linux-x86_64-debian-clang | 1.0 | 12.26 | 58.78 | 71.04 | NOTE | |
r-devel-linux-x86_64-debian-gcc | 1.0 | 9.88 | 41.85 | 51.73 | NOTE | |
r-devel-linux-x86_64-fedora-clang | 1.0 | 118.12 | NOTE | |||
r-devel-linux-x86_64-fedora-gcc | 1.0 | 106.18 | NOTE | |||
r-devel-windows-x86_64 | 1.0 | 15.00 | 84.00 | 99.00 | NOTE | |
r-patched-linux-x86_64 | 1.0 | 14.64 | 55.19 | 69.83 | NOTE | |
r-release-linux-x86_64 | 1.0 | 13.72 | 55.37 | 69.09 | NOTE | |
r-release-macos-arm64 | 1.0 | 39.00 | NOTE | |||
r-release-macos-x86_64 | 1.0 | 71.00 | NOTE | |||
r-release-windows-x86_64 | 1.0 | 14.00 | 73.00 | 87.00 | NOTE | |
r-oldrel-macos-arm64 | 1.0 | 33.00 | NOTE | |||
r-oldrel-macos-x86_64 | 1.0 | 48.00 | NOTE | |||
r-oldrel-windows-x86_64 | 1.0 | 20.00 | 87.00 | 107.00 | NOTE |
Version: 1.0
Check: Rd files
Result: NOTE
checkRd: (-1) fmCov.Rd:37: Lost braces; missing escapes or markup?
37 | where, \code{alpha(i)} is the intercept, \code{f(t)} is a {K x 1} vector of
| ^
checkRd: (-1) plot.ffm.Rd:82: Lost braces; missing escapes or markup?
82 | \item{las}{one of {0, 1, 2, 3} to set the direction of axis labels, same as
| ^
checkRd: (-1) summary.ffm.Rd:39: Lost braces; missing escapes or markup?
39 | Returned object is of class {summary.ffm}.
| ^
Flavors: r-devel-linux-x86_64-debian-clang, r-devel-linux-x86_64-debian-gcc, r-devel-linux-x86_64-fedora-clang, r-devel-linux-x86_64-fedora-gcc, r-devel-windows-x86_64, r-patched-linux-x86_64, r-release-linux-x86_64, r-release-macos-arm64, r-release-macos-x86_64, r-release-windows-x86_64, r-oldrel-macos-arm64, r-oldrel-macos-x86_64, r-oldrel-windows-x86_64