Last updated on 2025-05-19 01:49:53 CEST.
Flavor | Version | Tinstall | Tcheck | Ttotal | Status | Flags |
---|---|---|---|---|---|---|
r-devel-linux-x86_64-debian-clang | 0.1.0 | 3.94 | 41.49 | 45.43 | OK | |
r-devel-linux-x86_64-debian-gcc | 0.1.0 | 2.77 | 30.53 | 33.30 | OK | |
r-devel-linux-x86_64-fedora-clang | 0.1.0 | 69.23 | OK | |||
r-devel-linux-x86_64-fedora-gcc | 0.1.0 | 79.55 | OK | |||
r-devel-windows-x86_64 | 0.1.0 | 7.00 | 86.00 | 93.00 | OK | |
r-patched-linux-x86_64 | 0.1.0 | 4.22 | 37.29 | 41.51 | OK | |
r-release-linux-x86_64 | 0.1.0 | 4.21 | 37.37 | 41.58 | OK | |
r-release-macos-arm64 | 0.1.0 | 39.00 | OK | |||
r-release-macos-x86_64 | 0.1.0 | 53.00 | OK | |||
r-release-windows-x86_64 | 0.1.0 | 7.00 | 67.00 | 74.00 | OK | |
r-oldrel-macos-arm64 | 0.1.0 | 29.00 | NOTE | |||
r-oldrel-macos-x86_64 | 0.1.0 | 43.00 | NOTE | |||
r-oldrel-windows-x86_64 | 0.1.0 | 8.00 | 70.00 | 78.00 | NOTE |
Version: 0.1.0
Check: LazyData
Result: NOTE
'LazyData' is specified without a 'data' directory
Flavors: r-oldrel-macos-arm64, r-oldrel-macos-x86_64, r-oldrel-windows-x86_64