CRAN Package Check Results for Package fabricerin

Last updated on 2025-05-19 01:49:53 CEST.

Flavor Version Tinstall Tcheck Ttotal Status Flags
r-devel-linux-x86_64-debian-clang 0.1.2 2.04 19.58 21.62 OK
r-devel-linux-x86_64-debian-gcc 0.1.2 1.66 16.01 17.67 OK
r-devel-linux-x86_64-fedora-clang 0.1.2 31.51 OK
r-devel-linux-x86_64-fedora-gcc 0.1.2 29.76 OK
r-devel-windows-x86_64 0.1.2 4.00 52.00 56.00 OK
r-patched-linux-x86_64 0.1.2 2.00 17.47 19.47 OK
r-release-linux-x86_64 0.1.2 1.97 17.49 19.46 OK
r-release-macos-arm64 0.1.2 16.00 OK
r-release-macos-x86_64 0.1.2 25.00 OK
r-release-windows-x86_64 0.1.2 3.00 48.00 51.00 OK
r-oldrel-macos-arm64 0.1.2 14.00 NOTE
r-oldrel-macos-x86_64 0.1.2 20.00 NOTE
r-oldrel-windows-x86_64 0.1.2 4.00 46.00 50.00 NOTE

Check Details

Version: 0.1.2
Check: LazyData
Result: NOTE 'LazyData' is specified without a 'data' directory Flavors: r-oldrel-macos-arm64, r-oldrel-macos-x86_64, r-oldrel-windows-x86_64