Last updated on 2025-04-29 01:49:32 CEST.
Flavor | Version | Tinstall | Tcheck | Ttotal | Status | Flags |
---|---|---|---|---|---|---|
r-devel-linux-x86_64-debian-clang | 1.0.4 | 2.44 | 27.68 | 30.12 | OK | |
r-devel-linux-x86_64-debian-gcc | 1.0.4 | 1.79 | 23.55 | 25.34 | NOTE | |
r-devel-linux-x86_64-fedora-clang | 1.0.4 | 49.21 | OK | |||
r-devel-linux-x86_64-fedora-gcc | 1.0.4 | 60.05 | OK | |||
r-devel-windows-x86_64 | 1.0.4 | 4.00 | 52.00 | 56.00 | OK | |
r-patched-linux-x86_64 | 1.0.4 | 2.65 | 27.38 | 30.03 | OK | |
r-release-linux-x86_64 | 1.0.4 | 2.19 | 27.42 | 29.61 | OK | |
r-release-macos-arm64 | 1.0.4 | 40.00 | OK | |||
r-release-macos-x86_64 | 1.0.4 | 61.00 | OK | |||
r-release-windows-x86_64 | 1.0.4 | 4.00 | 57.00 | 61.00 | OK | |
r-oldrel-macos-arm64 | 1.0.4 | 26.00 | OK | |||
r-oldrel-macos-x86_64 | 1.0.4 | 36.00 | OK | |||
r-oldrel-windows-x86_64 | 1.0.4 | 5.00 | 57.00 | 62.00 | OK |
Version: 1.0.4
Check: CRAN incoming feasibility
Result: NOTE
Maintainer: ‘Elizabeth Bersson <elizabeth.bersson@duke.edu>’
The Description field contains
<arXiv:2204.08122> "Optimal Conformal Prediction for Small Areas".
Please refer to arXiv e-prints via their arXiv DOI <doi:10.48550/arXiv.YYMM.NNNNN>.
Flavor: r-devel-linux-x86_64-debian-gcc