Last updated on 2024-08-16 12:49:08 CEST.
Flavor | Version | Tinstall | Tcheck | Ttotal | Status | Flags |
---|---|---|---|---|---|---|
r-devel-linux-x86_64-debian-clang | 4023.84 | 24.89 | 143.81 | 168.70 | NOTE | |
r-devel-linux-x86_64-debian-gcc | 4023.84 | 16.34 | 96.62 | 112.96 | NOTE | |
r-devel-linux-x86_64-fedora-clang | 4023.84 | 267.16 | NOTE | |||
r-devel-linux-x86_64-fedora-gcc | 4023.84 | 265.44 | NOTE | |||
r-devel-windows-x86_64 | 4023.84 | 28.00 | 136.00 | 164.00 | OK | |
r-patched-linux-x86_64 | 4023.84 | 25.87 | 133.16 | 159.03 | NOTE | |
r-release-linux-x86_64 | 4023.84 | 21.69 | 135.76 | 157.45 | NOTE | |
r-release-macos-arm64 | 4023.84 | 63.00 | NOTE | |||
r-release-macos-x86_64 | 4023.84 | 106.00 | NOTE | |||
r-release-windows-x86_64 | 4023.84 | 26.00 | 137.00 | 163.00 | OK | |
r-oldrel-macos-arm64 | 4023.84 | 65.00 | OK | |||
r-oldrel-macos-x86_64 | 4023.84 | 149.00 | OK | |||
r-oldrel-windows-x86_64 | 4023.84 | 32.00 | 176.00 | 208.00 | OK |
Version: 4023.84
Check: package dependencies
Result: NOTE
Package suggested but not available for checking: ‘bcp’
Flavors: r-devel-linux-x86_64-debian-clang, r-devel-linux-x86_64-debian-gcc, r-devel-linux-x86_64-fedora-clang, r-devel-linux-x86_64-fedora-gcc, r-patched-linux-x86_64, r-release-linux-x86_64, r-release-macos-arm64, r-release-macos-x86_64