Last updated on 2025-05-19 01:49:53 CEST.
Flavor | Version | Tinstall | Tcheck | Ttotal | Status | Flags |
---|---|---|---|---|---|---|
r-devel-linux-x86_64-debian-clang | 0.2.1 | 8.96 | 385.72 | 394.68 | OK | |
r-devel-linux-x86_64-debian-gcc | 0.2.1 | 6.13 | 262.91 | 269.04 | OK | |
r-devel-linux-x86_64-fedora-clang | 0.2.1 | 622.29 | NOTE | |||
r-devel-linux-x86_64-fedora-gcc | 0.2.1 | 617.58 | NOTE | |||
r-devel-windows-x86_64 | 0.2.1 | 11.00 | 362.00 | 373.00 | OK | |
r-patched-linux-x86_64 | 0.2.1 | 7.55 | 369.60 | 377.15 | OK | |
r-release-linux-x86_64 | 0.2.1 | 9.10 | 370.48 | 379.58 | OK | |
r-release-macos-arm64 | 0.2.1 | 159.00 | OK | |||
r-release-macos-x86_64 | 0.2.1 | 379.00 | OK | |||
r-release-windows-x86_64 | 0.2.1 | 10.00 | 323.00 | 333.00 | OK | |
r-oldrel-macos-arm64 | 0.2.1 | 165.00 | OK | |||
r-oldrel-macos-x86_64 | 0.2.1 | 256.00 | OK | |||
r-oldrel-windows-x86_64 | 0.2.1 | 13.00 | 461.00 | 474.00 | NOTE |
Version: 0.2.1
Check: dependencies in R code
Result: NOTE
Namespace in Imports field not imported from: ‘rlang’
All declared Imports should be used.
Flavors: r-devel-linux-x86_64-fedora-clang, r-devel-linux-x86_64-fedora-gcc
Version: 0.2.1
Check: package dependencies
Result: NOTE
Package suggested but not available for checking: 'doMC'
Flavor: r-oldrel-windows-x86_64