Last updated on 2024-06-30 00:59:13 CEST.
Flavor | Version | Tinstall | Tcheck | Ttotal | Status | Flags |
---|---|---|---|---|---|---|
r-devel-linux-x86_64-debian-clang | 1.0.2 | 42.41 | 200.50 | 242.91 | NOTE | |
r-devel-linux-x86_64-debian-gcc | 1.0.2 | 30.86 | 149.24 | 180.10 | NOTE | |
r-devel-linux-x86_64-fedora-clang | 1.0.2 | 318.03 | NOTE | |||
r-devel-linux-x86_64-fedora-gcc | 1.0.2 | 318.00 | NOTE | |||
r-devel-windows-x86_64 | 1.0.2 | 40.00 | 173.00 | 213.00 | NOTE | |
r-patched-linux-x86_64 | 1.0.2 | 44.82 | 195.39 | 240.21 | NOTE | |
r-release-linux-x86_64 | 1.0.2 | 28.17 | 196.51 | 224.68 | NOTE | |
r-release-macos-arm64 | 1.0.2 | 88.00 | NOTE | |||
r-release-macos-x86_64 | 1.0.2 | 141.00 | NOTE | |||
r-release-windows-x86_64 | 1.0.2 | 38.00 | 175.00 | 213.00 | NOTE | |
r-oldrel-macos-arm64 | 1.0.2 | 101.00 | NOTE | |||
r-oldrel-macos-x86_64 | 1.0.2 | 160.00 | NOTE | |||
r-oldrel-windows-x86_64 | 1.0.2 | 47.00 | 213.00 | 260.00 | NOTE |
Version: 1.0.2
Check: package dependencies
Result: NOTE
Package suggested but not available for checking: ‘exuberdata’
Flavors: r-devel-linux-x86_64-debian-clang, r-devel-linux-x86_64-debian-gcc, r-devel-linux-x86_64-fedora-clang, r-devel-linux-x86_64-fedora-gcc, r-devel-windows-x86_64, r-patched-linux-x86_64, r-release-linux-x86_64, r-release-macos-arm64, r-release-macos-x86_64, r-release-windows-x86_64, r-oldrel-macos-arm64, r-oldrel-macos-x86_64, r-oldrel-windows-x86_64