CRAN Package Check Results for Package explainer

Last updated on 2025-02-22 00:49:44 CET.

Flavor Version Tinstall Tcheck Ttotal Status Flags
r-devel-linux-x86_64-debian-clang 1.0.2 8.44 76.05 84.49 OK
r-devel-linux-x86_64-debian-gcc 1.0.2 5.89 55.58 61.47 OK
r-devel-linux-x86_64-fedora-clang 1.0.2 135.70 NOTE
r-devel-linux-x86_64-fedora-gcc 1.0.2 142.37 NOTE
r-devel-macos-arm64 1.0.2 49.00 OK
r-devel-macos-x86_64 1.0.2 81.00 OK
r-devel-windows-x86_64 1.0.2 11.00 95.00 106.00 OK
r-patched-linux-x86_64 1.0.2 8.35 71.49 79.84 OK
r-release-linux-x86_64 1.0.2 7.26 71.85 79.11 OK
r-release-macos-arm64 1.0.2 41.00 OK
r-release-macos-x86_64 1.0.2 62.00 OK
r-release-windows-x86_64 1.0.2 10.00 96.00 106.00 OK
r-oldrel-macos-arm64 1.0.2 43.00 OK
r-oldrel-macos-x86_64 1.0.2 66.00 OK
r-oldrel-windows-x86_64 1.0.2 13.00 131.00 144.00 OK

Check Details

Version: 1.0.2
Check: dependencies in R code
Result: NOTE Namespace in Imports field not imported from: ‘ggpmisc’ All declared Imports should be used. Flavors: r-devel-linux-x86_64-fedora-clang, r-devel-linux-x86_64-fedora-gcc