Last updated on 2024-08-16 12:49:07 CEST.
Flavor | Version | Tinstall | Tcheck | Ttotal | Status | Flags |
---|---|---|---|---|---|---|
r-devel-linux-x86_64-debian-clang | 0.53 | 42.75 | 143.76 | 186.51 | NOTE | |
r-devel-linux-x86_64-debian-gcc | 0.53 | 29.89 | 102.04 | 131.93 | NOTE | |
r-devel-linux-x86_64-fedora-clang | 0.53 | 299.01 | NOTE | |||
r-devel-linux-x86_64-fedora-gcc | 0.53 | 308.62 | OK | |||
r-devel-windows-x86_64 | 0.53 | 45.00 | 160.00 | 205.00 | NOTE | |
r-patched-linux-x86_64 | 0.53 | 45.63 | 134.36 | 179.99 | OK | |
r-release-linux-x86_64 | 0.53 | 40.87 | 134.82 | 175.69 | OK | |
r-release-macos-arm64 | 0.53 | 80.00 | NOTE | |||
r-release-macos-x86_64 | 0.53 | 126.00 | NOTE | |||
r-release-windows-x86_64 | 0.53 | 45.00 | 158.00 | 203.00 | OK | |
r-oldrel-macos-arm64 | 0.53 | 100.00 | NOTE | |||
r-oldrel-macos-x86_64 | 0.53 | 185.00 | NOTE | |||
r-oldrel-windows-x86_64 | 0.53 | 55.00 | 200.00 | 255.00 | OK |
Version: 0.53
Check: Rd cross-references
Result: NOTE
Found the following Rd file(s) with Rd \link{} targets missing package
anchors:
expectreg-package.Rd: BayesX-package, mboost-package
india.bnd.Rd: BayesX-package
northger.bnd.Rd: BayesX-package
Please provide package anchors for all Rd \link{} targets not in the
package itself and the base packages.
Flavors: r-devel-linux-x86_64-debian-clang, r-devel-linux-x86_64-debian-gcc, r-devel-windows-x86_64
Version: 0.53
Check: Rd cross-references
Result: NOTE
Undeclared package ‘quantreg’ in Rd xrefs
Flavor: r-devel-linux-x86_64-fedora-clang
Version: 0.53
Check: installed package size
Result: NOTE
installed size is 10.6Mb
sub-directories of 1Mb or more:
libs 9.2Mb
Flavors: r-release-macos-arm64, r-release-macos-x86_64, r-oldrel-macos-arm64, r-oldrel-macos-x86_64