Last updated on 2025-04-29 01:49:32 CEST.
Flavor | Version | Tinstall | Tcheck | Ttotal | Status | Flags |
---|---|---|---|---|---|---|
r-devel-linux-x86_64-debian-clang | 2.4-1 | 19.30 | 195.37 | 214.67 | OK | |
r-devel-linux-x86_64-debian-gcc | 2.4-1 | 12.19 | 139.09 | 151.28 | NOTE | |
r-devel-linux-x86_64-fedora-clang | 2.4-1 | 367.09 | OK | |||
r-devel-linux-x86_64-fedora-gcc | 2.4-1 | 336.61 | OK | |||
r-devel-windows-x86_64 | 2.4-1 | 21.00 | 419.00 | 440.00 | OK | |
r-patched-linux-x86_64 | 2.4-1 | 20.33 | 187.90 | 208.23 | OK | |
r-release-linux-x86_64 | 2.4-1 | 17.12 | 186.50 | 203.62 | OK | |
r-release-macos-arm64 | 2.4-1 | 165.00 | OK | |||
r-release-macos-x86_64 | 2.4-1 | 303.00 | OK | |||
r-release-windows-x86_64 | 2.4-1 | 20.00 | 441.00 | 461.00 | OK | |
r-oldrel-macos-arm64 | 2.4-1 | 176.00 | OK | |||
r-oldrel-macos-x86_64 | 2.4-1 | 369.00 | OK | |||
r-oldrel-windows-x86_64 | 2.4-1 | 26.00 | 416.00 | 442.00 | OK |
Version: 2.4-1
Check: examples
Result: NOTE
Examples with CPU (user + system) or elapsed time > 5s
user system elapsed
exams2nops 4.645 0.638 8.468
Flavor: r-devel-linux-x86_64-debian-gcc