Last updated on 2025-04-29 13:51:23 CEST.
Flavor | Version | Tinstall | Tcheck | Ttotal | Status | Flags |
---|---|---|---|---|---|---|
r-devel-linux-x86_64-debian-clang | 1.4-4 | 4.38 | 38.88 | 43.26 | NOTE | |
r-devel-linux-x86_64-debian-gcc | 1.4-4 | 3.08 | 30.73 | 33.81 | NOTE | |
r-devel-linux-x86_64-fedora-clang | 1.4-4 | 67.60 | OK | |||
r-devel-linux-x86_64-fedora-gcc | 1.4-4 | 77.69 | OK | |||
r-devel-windows-x86_64 | 1.4-4 | 4.00 | 67.00 | 71.00 | NOTE | |
r-patched-linux-x86_64 | 1.4-4 | 4.20 | 37.33 | 41.53 | NOTE | |
r-release-linux-x86_64 | 1.4-4 | 4.03 | 37.39 | 41.42 | NOTE | |
r-release-macos-arm64 | 1.4-4 | 63.00 | OK | |||
r-release-macos-x86_64 | 1.4-4 | 60.00 | OK | |||
r-release-windows-x86_64 | 1.4-4 | 6.00 | 73.00 | 79.00 | NOTE | |
r-oldrel-macos-arm64 | 1.4-4 | 31.00 | OK | |||
r-oldrel-macos-x86_64 | 1.4-4 | 49.00 | OK | |||
r-oldrel-windows-x86_64 | 1.4-4 | 6.00 | 72.00 | 78.00 | OK |
Version: 1.4-4
Check: CRAN incoming feasibility
Result: NOTE
Maintainer: ‘Michael P. Fay <mfay@niaid.nih.gov>’
No Authors@R field in DESCRIPTION.
Please add one, modifying
Authors@R: person(given = c("Michael", "P."),
family = "Fay",
role = c("aut", "cre"),
email = "mfay@niaid.nih.gov")
as necessary.
Flavors: r-devel-linux-x86_64-debian-clang, r-devel-linux-x86_64-debian-gcc
Version: 1.4-4
Check: Rd cross-references
Result: NOTE
Found the following Rd file(s) with Rd \link{} targets missing package
anchors:
powerBinom.Rd: uniroot.integer
Please provide package anchors for all Rd \link{} targets not in the
package itself and the base packages.
Flavors: r-devel-linux-x86_64-debian-clang, r-devel-linux-x86_64-debian-gcc, r-devel-windows-x86_64, r-patched-linux-x86_64, r-release-linux-x86_64, r-release-windows-x86_64