CRAN Package Check Results for Package exactamente

Last updated on 2025-05-19 12:50:03 CEST.

Flavor Version Tinstall Tcheck Ttotal Status Flags
r-devel-linux-x86_64-debian-clang 0.1.1 2.06 35.24 37.30 OK
r-devel-linux-x86_64-debian-gcc 0.1.1 1.74 26.45 28.19 OK
r-devel-linux-x86_64-fedora-clang 0.1.1 59.14 OK
r-devel-linux-x86_64-fedora-gcc 0.1.1 54.97 OK
r-devel-windows-x86_64 0.1.1 5.00 64.00 69.00 OK
r-patched-linux-x86_64 0.1.1 2.06 33.13 35.19 OK
r-release-linux-x86_64 0.1.1 2.04 33.33 35.37 OK
r-release-macos-arm64 0.1.1 22.00 OK
r-release-macos-x86_64 0.1.1 33.00 OK
r-release-windows-x86_64 0.1.1 4.00 0.00 4.00 FAIL
r-oldrel-macos-arm64 0.1.1 19.00 OK
r-oldrel-macos-x86_64 0.1.1 31.00 OK
r-oldrel-windows-x86_64 0.1.1 4.00 63.00 67.00 OK

Check Details

Version: 0.1.1
Check: PDF version of manual
Result: FAIL Check process probably crashed or hung up for 20 minutes ... killed Most likely this happened in the example checks (?), if not, ignore the following last lines of example output: > ### Aliases: summary.regboot > > ### ** Examples > > set.seed(123) > data <- rnorm(5) > result <- reg_bootstrap(data) > summary(result) Method nres mode median mean sd lCI 1 reg_bootstrap 10000 0.2060212 0.1877368 0.1963469 0.323847 -0.3021596 uCI 1 0.915047 > > > > ### * <FOOTER> > ### > cleanEx() > options(digits = 7L) > base::cat("Time elapsed: ", proc.time() - base::get("ptime", pos = 'CheckExEnv'),"\n") Time elapsed: 4.03 0.17 4.25 NA NA > grDevices::dev.off() null device 1 > ### > ### Local variables: *** > ### mode: outline-minor *** > ### outline-regexp: "\\(> \\)?### [*]+" *** > ### End: *** > quit('no') ======== End of example output (where/before crash/hang up occured ?) ======== Flavor: r-release-windows-x86_64