Last updated on 2024-08-16 12:49:07 CEST.
Flavor | Version | Tinstall | Tcheck | Ttotal | Status | Flags |
---|---|---|---|---|---|---|
r-devel-linux-x86_64-debian-clang | 0.7.3 | 51.66 | 256.98 | 308.64 | NOTE | |
r-devel-linux-x86_64-debian-gcc | 0.7.3 | 33.11 | 158.31 | 191.42 | NOTE | |
r-devel-linux-x86_64-fedora-clang | 0.7.3 | 502.11 | OK | |||
r-devel-linux-x86_64-fedora-gcc | 0.7.3 | 477.96 | OK | |||
r-devel-windows-x86_64 | 0.7.3 | 51.00 | 247.00 | 298.00 | NOTE | |
r-patched-linux-x86_64 | 0.7.3 | 54.08 | 234.69 | 288.77 | OK | |
r-release-linux-x86_64 | 0.7.3 | 49.47 | 238.81 | 288.28 | OK | |
r-release-macos-arm64 | 0.7.3 | 111.00 | OK | |||
r-release-macos-x86_64 | 0.7.3 | 184.00 | OK | |||
r-release-windows-x86_64 | 0.7.3 | 55.00 | 248.00 | 303.00 | OK | |
r-oldrel-macos-arm64 | 0.7.3 | 111.00 | OK | |||
r-oldrel-macos-x86_64 | 0.7.3 | 195.00 | OK | |||
r-oldrel-windows-x86_64 | 0.7.3 | 68.00 | 325.00 | 393.00 | OK |
Version: 0.7.3
Check: Rd cross-references
Result: NOTE
Found the following Rd file(s) with Rd \link{} targets missing package
anchors:
gui_models.Rd: runApp
Please provide package anchors for all Rd \link{} targets not in the
package itself and the base packages.
Flavors: r-devel-linux-x86_64-debian-clang, r-devel-linux-x86_64-debian-gcc, r-devel-windows-x86_64