Last updated on 2024-06-30 00:59:13 CEST.
Flavor | Version | Tinstall | Tcheck | Ttotal | Status | Flags |
---|---|---|---|---|---|---|
r-devel-linux-x86_64-debian-clang | 4.6.0 | 79.45 | 708.66 | 788.11 | NOTE | --no-vignettes |
r-devel-linux-x86_64-debian-gcc | 4.6.0 | 73.06 | 507.06 | 580.12 | NOTE | --no-vignettes |
r-devel-linux-x86_64-fedora-clang | 4.6.0 | 1323.08 | NOTE | |||
r-devel-linux-x86_64-fedora-gcc | 4.6.0 | 1268.42 | NOTE | |||
r-devel-windows-x86_64 | 4.6.0 | 94.00 | 204.00 | 298.00 | NOTE | --no-examples --no-tests --no-vignettes |
r-patched-linux-x86_64 | 4.6.0 | 100.60 | 667.74 | 768.34 | WARN | --no-vignettes |
r-release-linux-x86_64 | 4.6.0 | 81.48 | 652.39 | 733.87 | OK | --no-vignettes |
r-release-macos-arm64 | 4.6.0 | 338.00 | NOTE | |||
r-release-macos-x86_64 | 4.6.0 | 497.00 | NOTE | |||
r-release-windows-x86_64 | 4.6.0 | 94.00 | 206.00 | 300.00 | OK | --no-examples --no-tests --no-vignettes |
r-oldrel-macos-arm64 | 4.6.0 | 413.00 | NOTE | |||
r-oldrel-macos-x86_64 | 4.6.0 | 628.00 | NOTE | |||
r-oldrel-windows-x86_64 | 4.6.0 | 114.00 | 205.00 | 319.00 | OK | --no-examples --no-tests --no-vignettes |
Version: 4.6.0
Flags: --no-vignettes
Check: compiled code
Result: NOTE
File ‘ergm/libs/ergm.so’:
Found non-API call to R: ‘SET_TYPEOF’
Compiled code should not call non-API entry points in R.
See ‘Writing portable packages’ in the ‘Writing R Extensions’ manual.
See section ‘Moving into C API compliance’ in the ‘Writing R
Extensions’ manual for issues with use of non-API entry points.
Flavors: r-devel-linux-x86_64-debian-clang, r-devel-linux-x86_64-debian-gcc
Version: 4.6.0
Check: installed package size
Result: NOTE
installed size is 5.3Mb
sub-directories of 1Mb or more:
R 1.0Mb
doc 1.7Mb
Flavors: r-devel-linux-x86_64-fedora-clang, r-release-macos-arm64, r-release-macos-x86_64, r-oldrel-macos-arm64, r-oldrel-macos-x86_64
Version: 4.6.0
Check: compiled code
Result: NOTE
File ‘ergm/libs/ergm.so’:
Found non-API call to R: ‘SET_TYPEOF’
Compiled code should not call non-API entry points in R.
See ‘Writing portable packages’ in the ‘Writing R Extensions’ manual.
See section ‘Moving into C API compliance’ in the ‘Writing R
Extensions’ manual for issues with use of non-API entry points.
Flavors: r-devel-linux-x86_64-fedora-clang, r-devel-linux-x86_64-fedora-gcc
Version: 4.6.0
Flags: --no-examples --no-tests --no-vignettes
Check: compiled code
Result: NOTE
File 'ergm/libs/x64/ergm.dll':
Found non-API call to R: 'SET_TYPEOF'
Compiled code should not call non-API entry points in R.
See 'Writing portable packages' in the 'Writing R Extensions' manual.
See section 'Moving into C API compliance' in the 'Writing R
Extensions' manual for issues with use of non-API entry points.
Flavor: r-devel-windows-x86_64
Version: 4.6.0
Flags: --no-vignettes
Check: whether package can be installed
Result: WARN
Found the following significant warnings:
Rd warning: no hsearch.rds meta data for package ergm
See ‘/home/hornik/tmp/R.check/r-patched-gcc/Work/PKGS/ergm.Rcheck/00install.out’ for details.
* used C compiler: ‘gcc-13 (Debian 13.3.0-1) 13.3.0’
Flavor: r-patched-linux-x86_64