CRAN Package Check Results for Package epidatr

Last updated on 2025-04-29 01:49:32 CEST.

Flavor Version Tinstall Tcheck Ttotal Status Flags
r-devel-linux-x86_64-debian-clang 1.2.1 5.95 67.22 73.17 OK
r-devel-linux-x86_64-debian-gcc 1.2.1 3.90 52.65 56.55 OK
r-devel-linux-x86_64-fedora-clang 1.2.1 115.10 NOTE
r-devel-linux-x86_64-fedora-gcc 1.2.1 123.75 NOTE
r-devel-windows-x86_64 1.2.1 8.00 101.00 109.00 OK
r-patched-linux-x86_64 1.2.1 6.60 64.13 70.73 OK
r-release-linux-x86_64 1.2.1 5.28 64.37 69.65 OK
r-release-macos-arm64 1.2.1 56.00 OK
r-release-macos-x86_64 1.2.1 92.00 OK
r-release-windows-x86_64 1.2.1 11.00 102.00 113.00 OK
r-oldrel-macos-arm64 1.2.1 54.00 OK
r-oldrel-macos-x86_64 1.2.1 86.00 OK
r-oldrel-windows-x86_64 1.2.1 11.00 113.00 124.00 OK

Check Details

Version: 1.2.1
Check: dependencies in R code
Result: NOTE Namespace in Imports field not imported from: ‘readr’ All declared Imports should be used. Flavors: r-devel-linux-x86_64-fedora-clang, r-devel-linux-x86_64-fedora-gcc