CRAN Package Check Results for Package envnames

Last updated on 2025-07-17 12:49:58 CEST.

Flavor Version Tinstall Tcheck Ttotal Status Flags
r-devel-linux-x86_64-debian-clang 0.4.1 3.57 75.17 78.74 NOTE
r-devel-linux-x86_64-debian-gcc 0.4.1 2.80 54.49 57.29 NOTE
r-devel-linux-x86_64-fedora-clang 0.4.1 127.10 OK
r-devel-linux-x86_64-fedora-gcc 0.4.1 134.33 OK
r-devel-windows-x86_64 0.4.1 8.00 110.00 118.00 OK
r-patched-linux-x86_64 0.4.1 4.61 70.44 75.05 OK
r-release-linux-x86_64 0.4.1 3.55 72.05 75.60 OK
r-release-macos-arm64 0.4.1 47.00 OK
r-release-macos-x86_64 0.4.1 92.00 OK
r-release-windows-x86_64 0.4.1 7.00 108.00 115.00 OK
r-oldrel-macos-arm64 0.4.1 44.00 OK
r-oldrel-macos-x86_64 0.4.1 70.00 OK
r-oldrel-windows-x86_64 0.4.1 7.00 133.00 140.00 OK

Check Details

Version: 0.4.1
Check: CRAN incoming feasibility
Result: NOTE Maintainer: ‘Daniel Mastropietro <mastropi@uwalumni.com>’ No Authors@R field in DESCRIPTION. Please add one, modifying Authors@R: person(given = "Daniel", family = "Mastropietro", role = c("aut", "cre"), email = "mastropi@uwalumni.com") as necessary. Flavors: r-devel-linux-x86_64-debian-clang, r-devel-linux-x86_64-debian-gcc