Last updated on 2025-05-19 01:49:52 CEST.
Flavor | Version | Tinstall | Tcheck | Ttotal | Status | Flags |
---|---|---|---|---|---|---|
r-devel-linux-x86_64-debian-clang | 3.0.2 | 32.49 | 48.36 | 80.85 | NOTE | |
r-devel-linux-x86_64-debian-gcc | 3.0.2 | 22.60 | 36.21 | 58.81 | NOTE | |
r-devel-linux-x86_64-fedora-clang | 3.0.2 | 146.22 | NOTE | |||
r-devel-linux-x86_64-fedora-gcc | 3.0.2 | 166.27 | NOTE | |||
r-devel-windows-x86_64 | 3.0.2 | 41.00 | 104.00 | 145.00 | NOTE | |
r-patched-linux-x86_64 | 3.0.2 | 32.70 | 46.02 | 78.72 | NOTE | |
r-release-linux-x86_64 | 3.0.2 | 31.57 | 46.02 | 77.59 | NOTE | |
r-release-macos-arm64 | 3.0.2 | 44.00 | NOTE | |||
r-release-macos-x86_64 | 3.0.2 | 76.00 | NOTE | |||
r-release-windows-x86_64 | 3.0.2 | 39.00 | 94.00 | 133.00 | NOTE | |
r-oldrel-macos-arm64 | 3.0.2 | 45.00 | NOTE | |||
r-oldrel-macos-x86_64 | 3.0.2 | 59.00 | NOTE | |||
r-oldrel-windows-x86_64 | 3.0.2 | 36.00 | 102.00 | 138.00 | NOTE |
Version: 3.0.2
Check: Rd files
Result: NOTE
checkRd: (-1) elo.run.Rd:80: Lost braces
80 | \code{\link{score}}, \link{elo.run.helpers}{elo.run helpers}, \code{\link{elo.calc}},
| ^
Flavors: r-devel-linux-x86_64-debian-clang, r-devel-linux-x86_64-debian-gcc, r-devel-linux-x86_64-fedora-clang, r-devel-linux-x86_64-fedora-gcc, r-devel-windows-x86_64, r-patched-linux-x86_64, r-release-linux-x86_64, r-release-macos-arm64, r-release-macos-x86_64, r-release-windows-x86_64, r-oldrel-macos-arm64, r-oldrel-macos-x86_64, r-oldrel-windows-x86_64