CRAN Package Check Results for Package eirm

Last updated on 2025-07-21 01:49:03 CEST.

Flavor Version Tinstall Tcheck Ttotal Status Flags
r-devel-linux-x86_64-debian-clang 0.5 10.93 114.55 125.48 NOTE
r-devel-linux-x86_64-debian-gcc 0.5 8.16 80.15 88.31 NOTE
r-devel-linux-x86_64-fedora-clang 0.5 210.68 OK
r-devel-linux-x86_64-fedora-gcc 0.5 219.36 OK
r-devel-windows-x86_64 0.5 12.00 122.00 134.00 OK
r-patched-linux-x86_64 0.5 12.37 108.29 120.66 OK
r-release-linux-x86_64 0.5 12.22 109.43 121.65 OK
r-release-macos-arm64 0.5 76.00 OK
r-release-macos-x86_64 0.5 123.00 OK
r-release-windows-x86_64 0.5 14.00 123.00 137.00 OK
r-oldrel-macos-arm64 0.5 60.00 OK
r-oldrel-macos-x86_64 0.5 85.00 OK
r-oldrel-windows-x86_64 0.5 18.00 155.00 173.00 OK

Check Details

Version: 0.5
Check: CRAN incoming feasibility
Result: NOTE Maintainer: ‘Okan Bulut <bulut@ualberta.ca>’ Package CITATION file contains call(s) to old-style personList() or as.personList(). Please use c() on person objects instead. Package CITATION file contains call(s) to old-style citEntry(). Please use bibentry() instead. Flavors: r-devel-linux-x86_64-debian-clang, r-devel-linux-x86_64-debian-gcc