Last updated on 2025-02-22 00:49:44 CET.
Flavor | Version | Tinstall | Tcheck | Ttotal | Status | Flags |
---|---|---|---|---|---|---|
r-devel-linux-x86_64-debian-clang | 1.0.3 | 8.14 | 156.90 | 165.04 | OK | |
r-devel-linux-x86_64-debian-gcc | 1.0.3 | 5.99 | 105.53 | 111.52 | OK | |
r-devel-linux-x86_64-fedora-clang | 1.0.3 | 273.69 | NOTE | |||
r-devel-linux-x86_64-fedora-gcc | 1.0.3 | 290.17 | NOTE | |||
r-devel-macos-arm64 | 1.0.3 | 90.00 | OK | |||
r-devel-macos-x86_64 | 1.0.3 | 207.00 | OK | |||
r-devel-windows-x86_64 | 1.0.3 | 13.00 | 306.00 | 319.00 | OK | |
r-patched-linux-x86_64 | 1.0.3 | 7.58 | 154.76 | 162.34 | OK | |
r-release-linux-x86_64 | 1.0.3 | 7.95 | 154.88 | 162.83 | OK | |
r-release-macos-arm64 | 1.0.3 | 87.00 | OK | |||
r-release-macos-x86_64 | 1.0.3 | 144.00 | OK | |||
r-release-windows-x86_64 | 1.0.3 | 14.00 | 310.00 | 324.00 | OK | |
r-oldrel-macos-arm64 | 1.0.3 | 98.00 | OK | |||
r-oldrel-macos-x86_64 | 1.0.3 | 308.00 | OK | |||
r-oldrel-windows-x86_64 | 1.0.3 | 15.00 | 318.00 | 333.00 | OK |
Version: 1.0.3
Check: dependencies in R code
Result: NOTE
Namespace in Imports field not imported from: ‘snow’
All declared Imports should be used.
Flavors: r-devel-linux-x86_64-fedora-clang, r-devel-linux-x86_64-fedora-gcc