Last updated on 2024-06-30 00:59:13 CEST.
Flavor | Version | Tinstall | Tcheck | Ttotal | Status | Flags |
---|---|---|---|---|---|---|
r-devel-linux-x86_64-debian-clang | 0.1.0 | 6.13 | 192.53 | 198.66 | OK | |
r-devel-linux-x86_64-debian-gcc | 0.1.0 | 5.28 | 126.73 | 132.01 | OK | |
r-devel-linux-x86_64-fedora-clang | 0.1.0 | 250.97 | NOTE | |||
r-devel-linux-x86_64-fedora-gcc | 0.1.0 | 271.06 | NOTE | |||
r-devel-windows-x86_64 | 0.1.0 | 7.00 | 172.00 | 179.00 | OK | |
r-patched-linux-x86_64 | 0.1.0 | 8.16 | 195.18 | 203.34 | OK | |
r-release-linux-x86_64 | 0.1.0 | 4.93 | 194.51 | 199.44 | OK | |
r-release-macos-arm64 | 0.1.0 | 81.00 | OK | |||
r-release-macos-x86_64 | 0.1.0 | 128.00 | OK | |||
r-release-windows-x86_64 | 0.1.0 | 8.00 | 176.00 | 184.00 | OK | |
r-oldrel-macos-arm64 | 0.1.0 | 86.00 | OK | |||
r-oldrel-macos-x86_64 | 0.1.0 | 153.00 | OK | |||
r-oldrel-windows-x86_64 | 0.1.0 | 10.00 | 243.00 | 253.00 | OK |
Version: 0.1.0
Check: dependencies in R code
Result: NOTE
Namespace in Imports field not imported from: ‘pander’
All declared Imports should be used.
Flavors: r-devel-linux-x86_64-fedora-clang, r-devel-linux-x86_64-fedora-gcc