CRAN Package Check Results for Package ecdfHT

Last updated on 2025-04-29 13:51:22 CEST.

Flavor Version Tinstall Tcheck Ttotal Status Flags
r-devel-linux-x86_64-debian-clang 0.1.1 2.32 27.58 29.90 NOTE
r-devel-linux-x86_64-debian-gcc 0.1.1 1.88 21.41 23.29 NOTE
r-devel-linux-x86_64-fedora-clang 0.1.1 47.71 OK
r-devel-linux-x86_64-fedora-gcc 0.1.1 46.01 OK
r-devel-windows-x86_64 0.1.1 4.00 46.00 50.00 OK
r-patched-linux-x86_64 0.1.1 2.66 26.53 29.19 OK
r-release-linux-x86_64 0.1.1 2.02 26.69 28.71 OK
r-release-macos-arm64 0.1.1 21.00 OK
r-release-macos-x86_64 0.1.1 37.00 OK
r-release-windows-x86_64 0.1.1 4.00 45.00 49.00 OK
r-oldrel-macos-arm64 0.1.1 17.00 NOTE
r-oldrel-macos-x86_64 0.1.1 30.00 NOTE
r-oldrel-windows-x86_64 0.1.1 5.00 48.00 53.00 NOTE

Check Details

Version: 0.1.1
Check: CRAN incoming feasibility
Result: NOTE Maintainer: ‘John P Nolan <jpnolan@american.edu>’ No Authors@R field in DESCRIPTION. Please add one, modifying Authors@R: person(given = c("John", "P"), family = "Nolan", role = c("aut", "cre"), email = "jpnolan@american.edu") as necessary. Flavors: r-devel-linux-x86_64-debian-clang, r-devel-linux-x86_64-debian-gcc

Version: 0.1.1
Check: LazyData
Result: NOTE 'LazyData' is specified without a 'data' directory Flavors: r-oldrel-macos-arm64, r-oldrel-macos-x86_64, r-oldrel-windows-x86_64