Last updated on 2024-07-13 12:48:13 CEST.
Flavor | Version | Tinstall | Tcheck | Ttotal | Status | Flags |
---|---|---|---|---|---|---|
r-devel-linux-x86_64-debian-clang | 1.1.2 | 4.68 | 67.35 | 72.03 | NOTE | |
r-devel-linux-x86_64-debian-gcc | 1.1.2 | 3.54 | 49.95 | 53.49 | NOTE | |
r-devel-linux-x86_64-fedora-clang | 1.1.2 | 91.00 | NOTE | |||
r-devel-linux-x86_64-fedora-gcc | 1.1.2 | 108.70 | NOTE | |||
r-devel-windows-x86_64 | 1.1.2 | 5.00 | 79.00 | 84.00 | NOTE | |
r-patched-linux-x86_64 | 1.1.2 | 4.69 | 64.03 | 68.72 | NOTE | |
r-release-linux-x86_64 | 1.1.2 | 2.90 | 62.16 | 65.06 | NOTE | |
r-release-macos-arm64 | 1.1.2 | 43.00 | NOTE | |||
r-release-macos-x86_64 | 1.1.2 | 66.00 | NOTE | |||
r-release-windows-x86_64 | 1.1.2 | 5.00 | 77.00 | 82.00 | NOTE | |
r-oldrel-macos-arm64 | 1.1.2 | 46.00 | NOTE | |||
r-oldrel-macos-x86_64 | 1.1.2 | 107.00 | NOTE | |||
r-oldrel-windows-x86_64 | 1.1.2 | 5.00 | 88.00 | 93.00 | NOTE |
Version: 1.1.2
Check: package dependencies
Result: NOTE
Package which this enhances but not available for checking: ‘gurobi’
Flavors: r-devel-linux-x86_64-debian-clang, r-devel-linux-x86_64-debian-gcc, r-devel-linux-x86_64-fedora-clang, r-devel-linux-x86_64-fedora-gcc, r-devel-windows-x86_64, r-patched-linux-x86_64, r-release-linux-x86_64, r-release-macos-arm64, r-release-macos-x86_64, r-release-windows-x86_64, r-oldrel-macos-arm64, r-oldrel-macos-x86_64, r-oldrel-windows-x86_64