Last updated on 2025-05-19 01:49:52 CEST.
Flavor | Version | Tinstall | Tcheck | Ttotal | Status | Flags |
---|---|---|---|---|---|---|
r-devel-linux-x86_64-debian-clang | 0.0.5 | 5.71 | 66.74 | 72.45 | NOTE | |
r-devel-linux-x86_64-debian-gcc | 0.0.5 | 3.46 | 50.02 | 53.48 | NOTE | |
r-devel-linux-x86_64-fedora-clang | 0.0.5 | 112.48 | NOTE | |||
r-devel-linux-x86_64-fedora-gcc | 0.0.5 | 121.28 | NOTE | |||
r-devel-windows-x86_64 | 0.0.5 | 6.00 | 84.00 | 90.00 | NOTE | |
r-patched-linux-x86_64 | 0.0.5 | 5.86 | 63.78 | 69.64 | NOTE | |
r-release-linux-x86_64 | 0.0.5 | 5.14 | 63.25 | 68.39 | NOTE | |
r-release-macos-arm64 | 0.0.5 | 41.00 | NOTE | |||
r-release-macos-x86_64 | 0.0.5 | 70.00 | NOTE | |||
r-release-windows-x86_64 | 0.0.5 | 8.00 | 81.00 | 89.00 | NOTE | |
r-oldrel-macos-arm64 | 0.0.5 | 38.00 | NOTE | |||
r-oldrel-macos-x86_64 | 0.0.5 | 56.00 | NOTE | |||
r-oldrel-windows-x86_64 | 0.0.5 | 8.00 | 95.00 | 103.00 | NOTE |
Version: 0.0.5
Check: Rd files
Result: NOTE
checkRd: (-1) plot.earlyR.Rd:34-46: Lost braces
34 | if (require(incidence)) {
| ^
Flavors: r-devel-linux-x86_64-debian-clang, r-devel-linux-x86_64-debian-gcc, r-devel-linux-x86_64-fedora-clang, r-devel-linux-x86_64-fedora-gcc, r-devel-windows-x86_64, r-patched-linux-x86_64, r-release-linux-x86_64, r-release-macos-arm64, r-release-macos-x86_64, r-release-windows-x86_64, r-oldrel-macos-arm64, r-oldrel-macos-x86_64, r-oldrel-windows-x86_64
Version: 0.0.5
Check: LazyData
Result: NOTE
'LazyData' is specified without a 'data' directory
Flavors: r-oldrel-macos-arm64, r-oldrel-macos-x86_64, r-oldrel-windows-x86_64