Last updated on 2025-04-29 01:49:31 CEST.
Flavor | Version | Tinstall | Tcheck | Ttotal | Status | Flags |
---|---|---|---|---|---|---|
r-devel-linux-x86_64-debian-clang | 1.0.5 | 21.07 | 214.01 | 235.08 | NOTE | |
r-devel-linux-x86_64-debian-gcc | 1.0.5 | 13.31 | 137.59 | 150.90 | NOTE | |
r-devel-linux-x86_64-fedora-clang | 1.0.5 | 396.63 | NOTE | |||
r-devel-linux-x86_64-fedora-gcc | 1.0.5 | 402.59 | NOTE | |||
r-devel-windows-x86_64 | 1.0.5 | 21.00 | 198.00 | 219.00 | NOTE | |
r-patched-linux-x86_64 | 1.0.5 | 21.00 | 196.20 | 217.20 | NOTE | |
r-release-linux-x86_64 | 1.0.5 | 19.26 | 193.15 | 212.41 | NOTE | |
r-release-macos-arm64 | 1.0.5 | 108.00 | NOTE | |||
r-release-macos-x86_64 | 1.0.5 | 193.00 | NOTE | |||
r-release-windows-x86_64 | 1.0.5 | 21.00 | 204.00 | 225.00 | NOTE | |
r-oldrel-macos-arm64 | 1.0.5 | 97.00 | NOTE | |||
r-oldrel-macos-x86_64 | 1.0.5 | 152.00 | NOTE | |||
r-oldrel-windows-x86_64 | 1.0.5 | 28.00 | 254.00 | 282.00 | NOTE |
Version: 1.0.5
Check: Rd files
Result: NOTE
checkRd: (-1) generate_kinetics.Rd:57: Lost braces; missing escapes or markup?
57 | By default, sampled from {-1, 1} with probabilities {.25, .75}.
| ^
checkRd: (-1) generate_kinetics.Rd:57: Lost braces; missing escapes or markup?
57 | By default, sampled from {-1, 1} with probabilities {.25, .75}.
| ^
Flavors: r-devel-linux-x86_64-debian-clang, r-devel-linux-x86_64-debian-gcc, r-devel-linux-x86_64-fedora-clang, r-devel-linux-x86_64-fedora-gcc, r-devel-windows-x86_64, r-patched-linux-x86_64, r-release-linux-x86_64, r-release-macos-arm64, r-release-macos-x86_64, r-release-windows-x86_64, r-oldrel-macos-arm64, r-oldrel-macos-x86_64, r-oldrel-windows-x86_64
Version: 1.0.5
Check: CRAN incoming feasibility
Result: NOTE
Maintainer: ‘Robrecht Cannoodt <rcannood@gmail.com>’
Package CITATION file contains call(s) to old-style citEntry(). Please
use bibentry() instead.
Flavor: r-devel-linux-x86_64-debian-gcc