Last updated on 2025-04-29 01:49:31 CEST.
Flavor | Version | Tinstall | Tcheck | Ttotal | Status | Flags |
---|---|---|---|---|---|---|
r-devel-linux-x86_64-debian-clang | 1.5.6 | 43.74 | 270.55 | 314.29 | OK | |
r-devel-linux-x86_64-debian-gcc | 1.5.6 | 30.62 | 194.40 | 225.02 | NOTE | |
r-devel-linux-x86_64-fedora-clang | 1.5.6 | 497.14 | OK | |||
r-devel-linux-x86_64-fedora-gcc | 1.5.6 | 477.22 | OK | |||
r-devel-windows-x86_64 | 1.5.6 | 47.00 | 275.00 | 322.00 | OK | |
r-patched-linux-x86_64 | 1.5.6 | 48.53 | 266.87 | 315.40 | OK | |
r-release-linux-x86_64 | 1.5.6 | 43.85 | 265.69 | 309.54 | OK | |
r-release-macos-arm64 | 1.5.6 | 103.00 | OK | |||
r-release-macos-x86_64 | 1.5.6 | 216.00 | OK | |||
r-release-windows-x86_64 | 1.5.6 | 47.00 | 273.00 | 320.00 | OK | |
r-oldrel-macos-arm64 | 1.5.6 | 123.00 | NOTE | |||
r-oldrel-macos-x86_64 | 1.5.6 | 268.00 | NOTE | |||
r-oldrel-windows-x86_64 | 1.5.6 | 62.00 | 354.00 | 416.00 | NOTE |
Version: 1.5.6
Check: examples
Result: NOTE
Examples with CPU (user + system) or elapsed time > 5s
user system elapsed
as.data.frame.dynamitefit 5.249 0.351 6.142
Flavor: r-devel-linux-x86_64-debian-gcc
Version: 1.5.6
Check: package dependencies
Result: NOTE
Package suggested but not available for checking: ‘cmdstanr’
Flavors: r-oldrel-macos-arm64, r-oldrel-macos-x86_64, r-oldrel-windows-x86_64
Version: 1.5.6
Check: installed package size
Result: NOTE
installed size is 13.0Mb
sub-directories of 1Mb or more:
R 3.6Mb
data 8.0Mb
Flavors: r-oldrel-macos-arm64, r-oldrel-macos-x86_64, r-oldrel-windows-x86_64