CRAN Package Check Results for Package dupree

Last updated on 2025-04-29 01:49:31 CEST.

Flavor Version Tinstall Tcheck Ttotal Status Flags
r-devel-linux-x86_64-debian-clang 0.3.0 4.99 43.21 48.20 OK
r-devel-linux-x86_64-debian-gcc 0.3.0 3.61 31.15 34.76 NOTE
r-devel-linux-x86_64-fedora-clang 0.3.0 72.46 OK
r-devel-linux-x86_64-fedora-gcc 0.3.0 66.76 OK
r-devel-windows-x86_64 0.3.0 6.00 58.00 64.00 OK
r-patched-linux-x86_64 0.3.0 4.04 38.83 42.87 OK
r-release-linux-x86_64 0.3.0 4.58 38.48 43.06 OK
r-release-macos-arm64 0.3.0 29.00 OK
r-release-macos-x86_64 0.3.0 45.00 OK
r-release-windows-x86_64 0.3.0 7.00 57.00 64.00 OK
r-oldrel-macos-arm64 0.3.0 27.00 NOTE
r-oldrel-macos-x86_64 0.3.0 42.00 NOTE
r-oldrel-windows-x86_64 0.3.0 8.00 67.00 75.00 NOTE

Check Details

Version: 0.3.0
Check: CRAN incoming feasibility
Result: NOTE Maintainer: ‘Russ Hyde <russ.hyde.data@gmail.com>’ No Authors@R field in DESCRIPTION. Please add one, modifying Authors@R: c(person(given = "Russ", family = "Hyde", role = c("aut", "cre"), email = "russ.hyde.data@gmail.com"), person(given = c("University", "of"), family = "Glasgow", role = "aut")) as necessary. Flavor: r-devel-linux-x86_64-debian-gcc

Version: 0.3.0
Check: LazyData
Result: NOTE 'LazyData' is specified without a 'data' directory Flavors: r-oldrel-macos-arm64, r-oldrel-macos-x86_64, r-oldrel-windows-x86_64