CRAN Package Check Results for Package dub

Last updated on 2025-05-19 01:49:52 CEST.

Flavor Version Tinstall Tcheck Ttotal Status Flags
r-devel-linux-x86_64-debian-clang 0.2.0 1.58 18.20 19.78 OK
r-devel-linux-x86_64-debian-gcc 0.2.0 1.44 14.90 16.34 OK
r-devel-linux-x86_64-fedora-clang 0.2.0 31.31 OK
r-devel-linux-x86_64-fedora-gcc 0.2.0 31.27 OK
r-devel-windows-x86_64 0.2.0 4.00 44.00 48.00 OK
r-patched-linux-x86_64 0.2.0 1.67 17.69 19.36 OK
r-release-linux-x86_64 0.2.0 1.52 17.69 19.21 OK
r-release-macos-arm64 0.2.0 16.00 OK
r-release-macos-x86_64 0.2.0 23.00 OK
r-release-windows-x86_64 0.2.0 4.00 47.00 51.00 OK
r-oldrel-macos-arm64 0.2.0 14.00 NOTE
r-oldrel-macos-x86_64 0.2.0 21.00 NOTE
r-oldrel-windows-x86_64 0.2.0 3.00 43.00 46.00 NOTE

Check Details

Version: 0.2.0
Check: LazyData
Result: NOTE 'LazyData' is specified without a 'data' directory Flavors: r-oldrel-macos-arm64, r-oldrel-macos-x86_64, r-oldrel-windows-x86_64