Last updated on 2025-04-29 01:49:31 CEST.
Flavor | Version | Tinstall | Tcheck | Ttotal | Status | Flags |
---|---|---|---|---|---|---|
r-devel-linux-x86_64-debian-clang | 1.0.1 | 10.05 | 189.44 | 199.49 | OK | |
r-devel-linux-x86_64-debian-gcc | 1.0.1 | 8.33 | 135.65 | 143.98 | NOTE | |
r-devel-linux-x86_64-fedora-clang | 1.0.1 | 319.15 | OK | |||
r-devel-linux-x86_64-fedora-gcc | 1.0.1 | 314.87 | OK | |||
r-devel-windows-x86_64 | 1.0.1 | 14.00 | 185.00 | 199.00 | OK | |
r-patched-linux-x86_64 | 1.0.1 | 11.77 | 185.59 | 197.36 | OK | |
r-release-linux-x86_64 | 1.0.1 | 11.33 | 186.81 | 198.14 | OK | |
r-release-macos-arm64 | 1.0.1 | 106.00 | OK | |||
r-release-macos-x86_64 | 1.0.1 | 193.00 | OK | |||
r-release-windows-x86_64 | 1.0.1 | 14.00 | 189.00 | 203.00 | OK | |
r-oldrel-macos-arm64 | 1.0.1 | 87.00 | OK | |||
r-oldrel-macos-x86_64 | 1.0.1 | 147.00 | OK | |||
r-oldrel-windows-x86_64 | 1.0.1 | 16.00 | 247.00 | 263.00 | OK |
Version: 1.0.1
Check: examples
Result: NOTE
Examples with CPU (user + system) or elapsed time > 5s
user system elapsed
drord 4.541 0.155 5.83
Flavor: r-devel-linux-x86_64-debian-gcc