Last updated on 2024-06-30 00:59:12 CEST.
Flavor | Version | Tinstall | Tcheck | Ttotal | Status | Flags |
---|---|---|---|---|---|---|
r-devel-linux-x86_64-debian-clang | 0.5.0 | 7.01 | 102.01 | 109.02 | OK | |
r-devel-linux-x86_64-debian-gcc | 0.5.0 | 5.15 | 75.90 | 81.05 | OK | |
r-devel-linux-x86_64-fedora-clang | 0.5.0 | 137.00 | NOTE | |||
r-devel-linux-x86_64-fedora-gcc | 0.5.0 | 153.33 | NOTE | |||
r-devel-windows-x86_64 | 0.5.0 | 8.00 | 97.00 | 105.00 | OK | |
r-patched-linux-x86_64 | 0.5.0 | 5.92 | 98.42 | 104.34 | OK | |
r-release-linux-x86_64 | 0.5.0 | 6.60 | 96.38 | 102.98 | OK | |
r-release-macos-arm64 | 0.5.0 | 51.00 | OK | |||
r-release-macos-x86_64 | 0.5.0 | 73.00 | OK | |||
r-release-windows-x86_64 | 0.5.0 | 8.00 | 95.00 | 103.00 | OK | |
r-oldrel-macos-arm64 | 0.5.0 | 55.00 | OK | |||
r-oldrel-macos-x86_64 | 0.5.0 | 107.00 | OK | |||
r-oldrel-windows-x86_64 | 0.5.0 | 10.00 | 110.00 | 120.00 | OK |
Version: 0.5.0
Check: data for non-ASCII characters
Result: NOTE
Note: found 3 marked UTF-8 strings
Flavors: r-devel-linux-x86_64-fedora-clang, r-devel-linux-x86_64-fedora-gcc