Last updated on 2025-05-19 01:49:51 CEST.
Flavor | Version | Tinstall | Tcheck | Ttotal | Status | Flags |
---|---|---|---|---|---|---|
r-devel-linux-x86_64-debian-clang | 0.1.3 | 3.48 | 70.25 | 73.73 | OK | |
r-devel-linux-x86_64-debian-gcc | 0.1.3 | 2.25 | 49.26 | 51.51 | OK | |
r-devel-linux-x86_64-fedora-clang | 0.1.3 | 111.49 | OK | |||
r-devel-linux-x86_64-fedora-gcc | 0.1.3 | 121.18 | OK | |||
r-devel-windows-x86_64 | 0.1.3 | 5.00 | 103.00 | 108.00 | OK | |
r-patched-linux-x86_64 | 0.1.3 | 3.25 | 64.73 | 67.98 | OK | |
r-release-linux-x86_64 | 0.1.3 | 2.04 | 65.21 | 67.25 | OK | |
r-release-macos-arm64 | 0.1.3 | 53.00 | OK | |||
r-release-macos-x86_64 | 0.1.3 | 86.00 | OK | |||
r-release-windows-x86_64 | 0.1.3 | 5.00 | 101.00 | 106.00 | OK | |
r-oldrel-macos-arm64 | 0.1.3 | 42.00 | NOTE | |||
r-oldrel-macos-x86_64 | 0.1.3 | 62.00 | NOTE | |||
r-oldrel-windows-x86_64 | 0.1.3 | 6.00 | 114.00 | 120.00 | NOTE |
Version: 0.1.3
Check: LazyData
Result: NOTE
'LazyData' is specified without a 'data' directory
Flavors: r-oldrel-macos-arm64, r-oldrel-macos-x86_64, r-oldrel-windows-x86_64