Last updated on 2025-05-19 01:49:51 CEST.
Flavor | Version | Tinstall | Tcheck | Ttotal | Status | Flags |
---|---|---|---|---|---|---|
r-devel-linux-x86_64-debian-clang | 0.10-1 | 55.79 | 103.32 | 159.11 | OK | |
r-devel-linux-x86_64-debian-gcc | 0.10-1 | 37.93 | 68.23 | 106.16 | OK | |
r-devel-linux-x86_64-fedora-clang | 0.10-1 | 264.78 | OK | |||
r-devel-linux-x86_64-fedora-gcc | 0.10-1 | 272.56 | OK | |||
r-devel-windows-x86_64 | 0.10-1 | 77.00 | 150.00 | 227.00 | OK | |
r-patched-linux-x86_64 | 0.10-1 | 54.17 | 96.37 | 150.54 | OK | |
r-release-linux-x86_64 | 0.10-1 | 53.20 | 95.74 | 148.94 | OK | |
r-release-macos-arm64 | 0.10-1 | 64.00 | OK | |||
r-release-macos-x86_64 | 0.10-1 | 121.00 | OK | |||
r-release-windows-x86_64 | 0.10-1 | 76.00 | 149.00 | 225.00 | OK | |
r-oldrel-macos-arm64 | 0.10-1 | 72.00 | NOTE | |||
r-oldrel-macos-x86_64 | 0.10-1 | 154.00 | NOTE | |||
r-oldrel-windows-x86_64 | 0.10-1 | 87.00 | 170.00 | 257.00 | OK |
Version: 0.10-1
Check: installed package size
Result: NOTE
installed size is 8.1Mb
sub-directories of 1Mb or more:
libs 6.9Mb
Flavors: r-oldrel-macos-arm64, r-oldrel-macos-x86_64