Last updated on 2025-02-22 00:49:43 CET.
Flavor | Version | Tinstall | Tcheck | Ttotal | Status | Flags |
---|---|---|---|---|---|---|
r-devel-linux-x86_64-debian-clang | 2.0.6 | 6.27 | 43.22 | 49.49 | OK | |
r-devel-linux-x86_64-debian-gcc | 2.0.6 | 5.11 | 29.39 | 34.50 | OK | |
r-devel-linux-x86_64-fedora-clang | 2.0.6 | 79.14 | NOTE | |||
r-devel-linux-x86_64-fedora-gcc | 2.0.6 | 76.35 | NOTE | |||
r-devel-macos-arm64 | 2.0.6 | 24.00 | OK | |||
r-devel-macos-x86_64 | 2.0.6 | 51.00 | OK | |||
r-devel-windows-x86_64 | 2.0.6 | 6.00 | 71.00 | 77.00 | OK | |
r-patched-linux-x86_64 | 2.0.6 | 5.74 | 41.57 | 47.31 | OK | |
r-release-linux-x86_64 | 2.0.6 | 6.43 | 41.47 | 47.90 | OK | |
r-release-macos-arm64 | 2.0.6 | 23.00 | OK | |||
r-release-macos-x86_64 | 2.0.6 | 39.00 | OK | |||
r-release-windows-x86_64 | 2.0.6 | 6.00 | 70.00 | 76.00 | OK | |
r-oldrel-macos-arm64 | 2.0.6 | 25.00 | OK | |||
r-oldrel-macos-x86_64 | 2.0.6 | 42.00 | OK | |||
r-oldrel-windows-x86_64 | 2.0.6 | 7.00 | 95.00 | 102.00 | OK |
Version: 2.0.6
Check: dependencies in R code
Result: NOTE
Namespace in Imports field not imported from: ‘truncnorm’
All declared Imports should be used.
Flavors: r-devel-linux-x86_64-fedora-clang, r-devel-linux-x86_64-fedora-gcc