Last updated on 2025-05-19 01:49:51 CEST.
Flavor | Version | Tinstall | Tcheck | Ttotal | Status | Flags |
---|---|---|---|---|---|---|
r-devel-linux-x86_64-debian-clang | 0.1.0 | 16.43 | 26.03 | 42.46 | NOTE | |
r-devel-linux-x86_64-debian-gcc | 0.1.0 | 13.18 | 21.03 | 34.21 | NOTE | |
r-devel-linux-x86_64-fedora-clang | 0.1.0 | 75.20 | NOTE | |||
r-devel-linux-x86_64-fedora-gcc | 0.1.0 | 77.68 | NOTE | |||
r-devel-windows-x86_64 | 0.1.0 | 30.00 | 71.00 | 101.00 | NOTE | |
r-patched-linux-x86_64 | 0.1.0 | 17.18 | 23.98 | 41.16 | NOTE | |
r-release-linux-x86_64 | 0.1.0 | 16.11 | 23.86 | 39.97 | NOTE | |
r-release-macos-arm64 | 0.1.0 | 29.00 | NOTE | |||
r-release-macos-x86_64 | 0.1.0 | 41.00 | NOTE | |||
r-release-windows-x86_64 | 0.1.0 | 30.00 | 68.00 | 98.00 | NOTE | |
r-oldrel-macos-arm64 | 0.1.0 | 22.00 | NOTE | |||
r-oldrel-macos-x86_64 | 0.1.0 | 33.00 | NOTE | |||
r-oldrel-windows-x86_64 | 0.1.0 | 31.00 | 74.00 | 105.00 | NOTE |
Version: 0.1.0
Check: DESCRIPTION meta-information
Result: NOTE
Missing dependency on R >= 4.1.0 because package code uses the pipe
|> or function shorthand \(...) syntax added in R 4.1.0.
File(s) using such syntax:
‘dev_package.R’
Flavors: r-devel-linux-x86_64-debian-clang, r-devel-linux-x86_64-debian-gcc, r-devel-linux-x86_64-fedora-clang, r-devel-linux-x86_64-fedora-gcc, r-devel-windows-x86_64, r-patched-linux-x86_64, r-release-linux-x86_64, r-release-macos-arm64, r-release-macos-x86_64, r-release-windows-x86_64
Version: 0.1.0
Check: for GNU extensions in Makefiles
Result: NOTE
GNU make is a SystemRequirements.
Flavors: r-oldrel-macos-arm64, r-oldrel-macos-x86_64, r-oldrel-windows-x86_64