Last updated on 2024-08-16 12:49:06 CEST.
Flavor | Version | Tinstall | Tcheck | Ttotal | Status | Flags |
---|---|---|---|---|---|---|
r-devel-linux-x86_64-debian-clang | 0.1.0 | 17.50 | 25.08 | 42.58 | NOTE | |
r-devel-linux-x86_64-debian-gcc | 0.1.0 | 13.14 | 19.60 | 32.74 | NOTE | |
r-devel-linux-x86_64-fedora-clang | 0.1.0 | 76.54 | NOTE | |||
r-devel-linux-x86_64-fedora-gcc | 0.1.0 | 75.57 | NOTE | |||
r-devel-windows-x86_64 | 0.1.0 | 26.00 | 60.00 | 86.00 | NOTE | |
r-patched-linux-x86_64 | 0.1.0 | 16.89 | 23.83 | 40.72 | NOTE | |
r-release-linux-x86_64 | 0.1.0 | 18.28 | 23.70 | 41.98 | NOTE | |
r-release-macos-arm64 | 0.1.0 | 26.00 | NOTE | |||
r-release-macos-x86_64 | 0.1.0 | 34.00 | NOTE | |||
r-release-windows-x86_64 | 0.1.0 | 28.00 | 60.00 | 88.00 | NOTE | |
r-oldrel-macos-arm64 | 0.1.0 | 31.00 | NOTE | |||
r-oldrel-macos-x86_64 | 0.1.0 | 38.00 | NOTE | |||
r-oldrel-windows-x86_64 | 0.1.0 | 29.00 | 71.00 | 100.00 | NOTE |
Version: 0.1.0
Check: for GNU extensions in Makefiles
Result: NOTE
GNU make is a SystemRequirements.
Flavors: r-devel-linux-x86_64-debian-clang, r-devel-linux-x86_64-debian-gcc, r-devel-linux-x86_64-fedora-clang, r-devel-linux-x86_64-fedora-gcc, r-devel-windows-x86_64, r-patched-linux-x86_64, r-release-linux-x86_64, r-release-macos-arm64, r-release-macos-x86_64, r-release-windows-x86_64, r-oldrel-macos-arm64, r-oldrel-macos-x86_64, r-oldrel-windows-x86_64