Last updated on 2025-05-19 01:49:51 CEST.
Flavor | Version | Tinstall | Tcheck | Ttotal | Status | Flags |
---|---|---|---|---|---|---|
r-devel-linux-x86_64-debian-clang | 2.0.6 | 21.59 | 244.99 | 266.58 | OK | |
r-devel-linux-x86_64-debian-gcc | 2.0.6 | 13.36 | 151.98 | 165.34 | OK | |
r-devel-linux-x86_64-fedora-clang | 2.0.6 | 433.94 | OK | |||
r-devel-linux-x86_64-fedora-gcc | 2.0.6 | 1120.34 | OK | |||
r-devel-windows-x86_64 | 2.0.6 | 21.00 | 214.00 | 235.00 | OK | |
r-patched-linux-x86_64 | 2.0.6 | 24.09 | 231.02 | 255.11 | OK | |
r-release-linux-x86_64 | 2.0.6 | 20.55 | 231.60 | 252.15 | OK | |
r-release-macos-arm64 | 2.0.6 | 98.00 | OK | |||
r-release-macos-x86_64 | 2.0.6 | 220.00 | OK | |||
r-release-windows-x86_64 | 2.0.6 | 23.00 | 214.00 | 237.00 | OK | |
r-oldrel-macos-arm64 | 2.0.6 | 88.00 | NOTE | |||
r-oldrel-macos-x86_64 | 2.0.6 | 153.00 | NOTE | |||
r-oldrel-windows-x86_64 | 2.0.6 | 24.00 | 266.00 | 290.00 | OK |
Version: 2.0.6
Check: package dependencies
Result: NOTE
Package which this enhances but not available for checking: ‘INLA’
Flavors: r-oldrel-macos-arm64, r-oldrel-macos-x86_64