Last updated on 2024-06-30 00:59:12 CEST.
Flavor | Version | Tinstall | Tcheck | Ttotal | Status | Flags |
---|---|---|---|---|---|---|
r-devel-linux-x86_64-debian-clang | 1.1.0 | 618.17 | 408.23 | 1026.40 | NOTE | |
r-devel-linux-x86_64-debian-gcc | 1.1.0 | 427.18 | 314.09 | 741.27 | NOTE | |
r-devel-linux-x86_64-fedora-clang | 1.1.0 | 1151.94 | NOTE | |||
r-devel-linux-x86_64-fedora-gcc | 1.1.0 | 1460.29 | NOTE | |||
r-devel-windows-x86_64 | 1.1.0 | 354.00 | 309.00 | 663.00 | NOTE | |
r-patched-linux-x86_64 | 1.1.0 | 0.01 | 2.68 | 2.69 | ERROR | |
r-release-linux-x86_64 | 1.1.0 | 374.16 | 419.82 | 793.98 | NOTE | |
r-release-macos-arm64 | 1.1.0 | 250.00 | NOTE | |||
r-release-macos-x86_64 | 1.1.0 | 351.00 | NOTE | |||
r-release-windows-x86_64 | 1.1.0 | 363.00 | 310.00 | 673.00 | NOTE | |
r-oldrel-macos-arm64 | 1.1.0 | 522.00 | NOTE | |||
r-oldrel-macos-x86_64 | 1.1.0 | 611.00 | NOTE | |||
r-oldrel-windows-x86_64 | 1.1.0 | 479.00 | 409.00 | 888.00 | NOTE |
Version: 1.1.0
Check: for GNU extensions in Makefiles
Result: NOTE
GNU make is a SystemRequirements.
Flavors: r-devel-linux-x86_64-debian-clang, r-devel-linux-x86_64-debian-gcc, r-devel-linux-x86_64-fedora-clang, r-devel-linux-x86_64-fedora-gcc, r-devel-windows-x86_64, r-release-linux-x86_64, r-release-macos-arm64, r-release-macos-x86_64, r-release-windows-x86_64, r-oldrel-macos-arm64, r-oldrel-macos-x86_64, r-oldrel-windows-x86_64
Version: 1.1.0
Check: installed package size
Result: NOTE
installed size is 7.4Mb
sub-directories of 1Mb or more:
libs 6.6Mb
Flavors: r-devel-linux-x86_64-fedora-clang, r-devel-windows-x86_64, r-release-macos-arm64, r-release-macos-x86_64, r-release-windows-x86_64, r-oldrel-macos-arm64, r-oldrel-macos-x86_64, r-oldrel-windows-x86_64
Version: 1.1.0
Check: whether package can be installed
Result: ERROR
Installation failed.
Flavor: r-patched-linux-x86_64