Last updated on 2024-08-16 12:49:06 CEST.
Flavor | Version | Tinstall | Tcheck | Ttotal | Status | Flags |
---|---|---|---|---|---|---|
r-devel-linux-x86_64-debian-clang | 0.5.0 | 6.99 | 512.04 | 519.03 | OK | |
r-devel-linux-x86_64-debian-gcc | 0.5.0 | 4.74 | 944.46 | 949.20 | OK | |
r-devel-linux-x86_64-fedora-clang | 0.5.0 | 1278.40 | OK | |||
r-devel-linux-x86_64-fedora-gcc | 0.5.0 | 1035.02 | OK | |||
r-devel-windows-x86_64 | 0.5.0 | 10.00 | 472.00 | 482.00 | OK | |
r-patched-linux-x86_64 | 0.5.0 | 7.37 | 714.43 | 721.80 | OK | |
r-release-linux-x86_64 | 0.5.0 | 5.91 | 741.69 | 747.60 | OK | |
r-release-macos-arm64 | 0.5.0 | 176.00 | NOTE | |||
r-release-macos-x86_64 | 0.5.0 | 317.00 | NOTE | |||
r-release-windows-x86_64 | 0.5.0 | 10.00 | 462.00 | 472.00 | OK | |
r-oldrel-macos-arm64 | 0.5.0 | 188.00 | NOTE | |||
r-oldrel-macos-x86_64 | 0.5.0 | 490.00 | NOTE | |||
r-oldrel-windows-x86_64 | 0.5.0 | 11.00 | 666.00 | 677.00 | OK |
Version: 0.5.0
Check: package dependencies
Result: NOTE
Package suggested but not available for checking: ‘OSAT’
Flavors: r-release-macos-arm64, r-release-macos-x86_64, r-oldrel-macos-arm64, r-oldrel-macos-x86_64