Last updated on 2024-06-30 00:59:12 CEST.
Flavor | Version | Tinstall | Tcheck | Ttotal | Status | Flags |
---|---|---|---|---|---|---|
r-devel-linux-x86_64-debian-clang | 1.0.0 | 110.61 | 92.00 | 202.61 | OK | |
r-devel-linux-x86_64-debian-gcc | 1.0.0 | 69.33 | 66.67 | 136.00 | OK | |
r-devel-linux-x86_64-fedora-clang | 1.0.0 | 263.75 | NOTE | |||
r-devel-linux-x86_64-fedora-gcc | 1.0.0 | 278.52 | OK | |||
r-devel-windows-x86_64 | 1.0.0 | 83.00 | 116.00 | 199.00 | OK | |
r-patched-linux-x86_64 | 1.0.0 | 85.42 | 86.97 | 172.39 | OK | |
r-release-linux-x86_64 | 1.0.0 | 90.45 | 87.23 | 177.68 | OK | |
r-release-macos-arm64 | 1.0.0 | 53.00 | NOTE | |||
r-release-macos-x86_64 | 1.0.0 | 83.00 | NOTE | |||
r-release-windows-x86_64 | 1.0.0 | 80.00 | 114.00 | 194.00 | OK | |
r-oldrel-macos-arm64 | 1.0.0 | 69.00 | NOTE | |||
r-oldrel-macos-x86_64 | 1.0.0 | 106.00 | NOTE | |||
r-oldrel-windows-x86_64 | 1.0.0 | 97.00 | 140.00 | 237.00 | OK |
Version: 1.0.0
Check: Rd cross-references
Result: NOTE
Undeclared package ‘RcppArmadillo’ in Rd xrefs
Flavor: r-devel-linux-x86_64-fedora-clang
Version: 1.0.0
Check: installed package size
Result: NOTE
installed size is 5.8Mb
sub-directories of 1Mb or more:
libs 5.0Mb
Flavors: r-release-macos-arm64, r-release-macos-x86_64, r-oldrel-macos-arm64, r-oldrel-macos-x86_64