Last updated on 2025-05-19 01:49:51 CEST.
Flavor | Version | Tinstall | Tcheck | Ttotal | Status | Flags |
---|---|---|---|---|---|---|
r-devel-linux-x86_64-debian-clang | 1.0.1 | 113.35 | 60.32 | 173.67 | OK | |
r-devel-linux-x86_64-debian-gcc | 1.1.0 | 80.48 | 49.65 | 130.13 | OK | |
r-devel-linux-x86_64-fedora-clang | 1.1.0 | 346.78 | OK | |||
r-devel-linux-x86_64-fedora-gcc | 1.1.0 | 388.36 | OK | |||
r-devel-windows-x86_64 | 1.1.0 | 137.00 | 117.00 | 254.00 | OK | |
r-patched-linux-x86_64 | 1.0.1 | 110.97 | 58.36 | 169.33 | OK | |
r-release-linux-x86_64 | 1.1.0 | 105.45 | 62.11 | 167.56 | OK | |
r-release-macos-arm64 | 1.1.0 | 91.00 | OK | |||
r-release-macos-x86_64 | 1.0.1 | 138.00 | OK | |||
r-release-windows-x86_64 | 1.1.0 | 121.00 | 133.00 | 254.00 | OK | |
r-oldrel-macos-arm64 | 1.1.0 | 88.00 | NOTE | |||
r-oldrel-macos-x86_64 | 1.0.1 | 134.00 | NOTE | |||
r-oldrel-windows-x86_64 | 1.0.1 | 153.00 | 128.00 | 281.00 | NOTE |
Version: 1.1.0
Check: installed package size
Result: NOTE
installed size is 17.5Mb
sub-directories of 1Mb or more:
doc 2.9Mb
help 1.4Mb
libs 13.1Mb
Flavor: r-oldrel-macos-arm64
Version: 1.0.1
Check: installed package size
Result: NOTE
installed size is 17.1Mb
sub-directories of 1Mb or more:
doc 2.5Mb
help 1.4Mb
libs 13.0Mb
Flavors: r-oldrel-macos-x86_64, r-oldrel-windows-x86_64