CRAN Package Check Results for Package demoKde

Last updated on 2025-04-29 01:49:30 CEST.

Flavor Version Tinstall Tcheck Ttotal Status Flags
r-devel-linux-x86_64-debian-clang 1.0.1 1.70 16.69 18.39 OK
r-devel-linux-x86_64-debian-gcc 1.0.1 1.28 14.28 15.56 NOTE
r-devel-linux-x86_64-fedora-clang 1.0.1 29.22 OK
r-devel-linux-x86_64-fedora-gcc 1.0.1 27.94 OK
r-devel-windows-x86_64 1.0.1 2.00 39.00 41.00 OK
r-patched-linux-x86_64 1.0.1 1.53 16.52 18.05 OK
r-release-linux-x86_64 1.0.1 1.67 16.55 18.22 OK
r-release-macos-arm64 1.0.1 16.00 OK
r-release-macos-x86_64 1.0.1 24.00 OK
r-release-windows-x86_64 1.0.1 3.00 40.00 43.00 OK
r-oldrel-macos-arm64 1.0.1 14.00 OK
r-oldrel-macos-x86_64 1.0.1 21.00 OK
r-oldrel-windows-x86_64 1.0.1 3.00 39.00 42.00 OK

Check Details

Version: 1.0.1
Check: CRAN incoming feasibility
Result: NOTE Maintainer: ‘Bill Venables <Bill.Venables@gmail.com>’ No Authors@R field in DESCRIPTION. Please add one, modifying Authors@R: person(given = "Bill", family = "Venables", role = c("aut", "cre"), email = "bill.venables@gmail.com") as necessary. Flavor: r-devel-linux-x86_64-debian-gcc