Last updated on 2025-05-19 12:50:01 CEST.
Flavor | Version | Tinstall | Tcheck | Ttotal | Status | Flags |
---|---|---|---|---|---|---|
r-devel-linux-x86_64-debian-clang | 1.2 | 6.92 | 63.78 | 70.70 | NOTE | |
r-devel-linux-x86_64-debian-gcc | 1.2 | 5.18 | 47.96 | 53.14 | NOTE | |
r-devel-linux-x86_64-fedora-clang | 1.2 | 107.11 | NOTE | |||
r-devel-linux-x86_64-fedora-gcc | 1.2 | 103.04 | NOTE | |||
r-devel-windows-x86_64 | 1.2 | 8.00 | 92.00 | 100.00 | NOTE | |
r-patched-linux-x86_64 | 1.2 | 7.96 | 60.79 | 68.75 | NOTE | |
r-release-linux-x86_64 | 1.2 | 6.13 | 60.48 | 66.61 | NOTE | |
r-release-macos-arm64 | 1.2 | 37.00 | NOTE | |||
r-release-macos-x86_64 | 1.2 | 73.00 | NOTE | |||
r-release-windows-x86_64 | 1.2 | 9.00 | 89.00 | 98.00 | NOTE | |
r-oldrel-macos-arm64 | 1.2 | 34.00 | NOTE | |||
r-oldrel-macos-x86_64 | 1.2 | 53.00 | NOTE | |||
r-oldrel-windows-x86_64 | 1.2 | 10.00 | 95.00 | 105.00 | NOTE |
Version: 1.2
Check: Rd files
Result: NOTE
checkRd: (-1) deepNN-package.Rd:18: Lost braces
18 | section{Dependencies}{
| ^
checkRd: (-1) deepNN-package.Rd:18-21: Lost braces
18 | section{Dependencies}{
| ^
checkRd: (-1) deepNN-package.Rd:23: Lost braces
23 | section{Citation}{
| ^
checkRd: (-1) deepNN-package.Rd:23-25: Lost braces
23 | section{Citation}{
| ^
checkRd: (-1) deepNN-package.Rd:27-38: Lost braces
27 | references{
| ^
Flavors: r-devel-linux-x86_64-debian-clang, r-devel-linux-x86_64-debian-gcc, r-devel-linux-x86_64-fedora-clang, r-devel-linux-x86_64-fedora-gcc, r-devel-windows-x86_64, r-patched-linux-x86_64, r-release-linux-x86_64, r-release-macos-arm64, r-release-macos-x86_64, r-release-windows-x86_64, r-oldrel-macos-arm64, r-oldrel-macos-x86_64, r-oldrel-windows-x86_64