Last updated on 2024-06-30 00:59:12 CEST.
Flavor | Version | Tinstall | Tcheck | Ttotal | Status | Flags |
---|---|---|---|---|---|---|
r-devel-linux-x86_64-debian-clang | 0.1.1 | 7.63 | 124.83 | 132.46 | OK | |
r-devel-linux-x86_64-debian-gcc | 0.1.1 | 4.53 | 89.63 | 94.16 | OK | |
r-devel-linux-x86_64-fedora-clang | 0.1.1 | 160.12 | NOTE | |||
r-devel-linux-x86_64-fedora-gcc | 0.1.1 | 176.76 | NOTE | |||
r-devel-windows-x86_64 | 0.1.1 | 7.00 | 109.00 | 116.00 | OK | |
r-patched-linux-x86_64 | 0.1.1 | 6.07 | 116.77 | 122.84 | OK | |
r-release-linux-x86_64 | 0.1.1 | 5.84 | 117.82 | 123.66 | OK | |
r-release-macos-arm64 | 0.1.1 | 52.00 | OK | |||
r-release-macos-x86_64 | 0.1.1 | 83.00 | OK | |||
r-release-windows-x86_64 | 0.1.1 | 7.00 | 110.00 | 117.00 | OK | |
r-oldrel-macos-arm64 | 0.1.1 | 57.00 | OK | |||
r-oldrel-macos-x86_64 | 0.1.1 | 87.00 | OK | |||
r-oldrel-windows-x86_64 | 0.1.1 | 9.00 | 130.00 | 139.00 | OK |
Version: 0.1.1
Check: data for non-ASCII characters
Result: NOTE
Note: found 53 marked UTF-8 strings
Flavors: r-devel-linux-x86_64-fedora-clang, r-devel-linux-x86_64-fedora-gcc