Last updated on 2025-07-19 13:50:09 CEST.
Flavor | Version | Tinstall | Tcheck | Ttotal | Status | Flags |
---|---|---|---|---|---|---|
r-devel-linux-x86_64-debian-clang | 1.3.0 | 13.53 | 213.53 | 227.06 | NOTE | |
r-devel-linux-x86_64-debian-gcc | 1.3.0 | 10.24 | 165.56 | 175.80 | NOTE | |
r-devel-linux-x86_64-fedora-clang | 1.3.0 | 340.50 | OK | |||
r-devel-linux-x86_64-fedora-gcc | 1.3.0 | 351.96 | OK | |||
r-devel-windows-x86_64 | 1.3.0 | 14.00 | 276.00 | 290.00 | NOTE | |
r-patched-linux-x86_64 | 1.3.0 | 12.17 | 208.05 | 220.22 | NOTE | |
r-release-linux-x86_64 | 1.3.0 | 12.01 | 206.67 | 218.68 | NOTE | |
r-release-macos-arm64 | 1.3.0 | 160.00 | OK | |||
r-release-macos-x86_64 | 1.3.0 | 384.00 | OK | |||
r-release-windows-x86_64 | 1.3.0 | 13.00 | 243.00 | 256.00 | NOTE | |
r-oldrel-macos-arm64 | 1.3.0 | 160.00 | OK | |||
r-oldrel-macos-x86_64 | 1.3.0 | 226.00 | OK | |||
r-oldrel-windows-x86_64 | 1.3.0 | 16.00 | 282.00 | 298.00 | OK |
Version: 1.3.0
Check: Rd cross-references
Result: NOTE
Found the following Rd file(s) with Rd \link{} targets missing package
anchors:
dNTD.Rd: plotTensor3D
dNTF.Rd: plotTensor3D
Please provide package anchors for all Rd \link{} targets not in the
package itself and the base packages.
Flavors: r-devel-linux-x86_64-debian-clang, r-devel-linux-x86_64-debian-gcc, r-devel-windows-x86_64, r-patched-linux-x86_64, r-release-linux-x86_64, r-release-windows-x86_64