Last updated on 2025-07-20 12:49:23 CEST.
Flavor | Version | Tinstall | Tcheck | Ttotal | Status | Flags |
---|---|---|---|---|---|---|
r-devel-linux-x86_64-debian-clang | 0.0.2.1 | 21.35 | 177.12 | 198.47 | NOTE | |
r-devel-linux-x86_64-debian-gcc | 0.0.2.1 | 18.39 | 134.93 | 153.32 | NOTE | |
r-devel-linux-x86_64-fedora-clang | 0.0.2.1 | 311.34 | OK | |||
r-devel-linux-x86_64-fedora-gcc | 0.0.2.1 | 330.42 | OK | |||
r-devel-windows-x86_64 | 0.0.2.1 | 22.00 | 151.00 | 173.00 | NOTE | |
r-patched-linux-x86_64 | 0.0.2.1 | 20.76 | 168.97 | 189.73 | NOTE | |
r-release-linux-x86_64 | 0.0.2.1 | 20.52 | 171.53 | 192.05 | NOTE | |
r-release-macos-arm64 | 0.0.2.1 | 143.00 | OK | |||
r-release-macos-x86_64 | 0.0.2.1 | 157.00 | OK | |||
r-release-windows-x86_64 | 0.0.2.1 | 21.00 | 155.00 | 176.00 | NOTE | |
r-oldrel-macos-arm64 | 0.0.2.1 | 118.00 | OK | |||
r-oldrel-macos-x86_64 | 0.0.2.1 | 126.00 | OK | |||
r-oldrel-windows-x86_64 | 0.0.2.1 | 30.00 | 190.00 | 220.00 | OK |
Version: 0.0.2.1
Check: Rd cross-references
Result: NOTE
Found the following Rd file(s) with Rd \link{} targets missing package
anchors:
dbcsp-class.Rd: TSDatabaseDistances, parallelDist
predict.dbcsp.Rd: predict.lda
Please provide package anchors for all Rd \link{} targets not in the
package itself and the base packages.
Flavors: r-devel-linux-x86_64-debian-clang, r-devel-linux-x86_64-debian-gcc, r-devel-windows-x86_64, r-patched-linux-x86_64, r-release-linux-x86_64, r-release-windows-x86_64