CRAN Package Check Results for Package dbcsp

Last updated on 2025-04-29 01:49:30 CEST.

Flavor Version Tinstall Tcheck Ttotal Status Flags
r-devel-linux-x86_64-debian-clang 0.0.2.1 20.48 173.07 193.55 NOTE
r-devel-linux-x86_64-debian-gcc 0.0.2.1 16.27 130.35 146.62 NOTE
r-devel-linux-x86_64-fedora-clang 0.0.2.1 314.40 OK
r-devel-linux-x86_64-fedora-gcc 0.0.2.1 303.64 OK
r-devel-windows-x86_64 0.0.2.1 23.00 164.00 187.00 NOTE
r-patched-linux-x86_64 0.0.2.1 20.32 171.45 191.77 NOTE
r-release-linux-x86_64 0.0.2.1 22.24 170.90 193.14 NOTE
r-release-macos-arm64 0.0.2.1 143.00 OK
r-release-macos-x86_64 0.0.2.1 157.00 OK
r-release-windows-x86_64 0.0.2.1 22.00 161.00 183.00 NOTE
r-oldrel-macos-arm64 0.0.2.1 118.00 OK
r-oldrel-macos-x86_64 0.0.2.1 126.00 OK
r-oldrel-windows-x86_64 0.0.2.1 29.00 195.00 224.00 OK

Check Details

Version: 0.0.2.1
Check: Rd cross-references
Result: NOTE Found the following Rd file(s) with Rd \link{} targets missing package anchors: dbcsp-class.Rd: TSDatabaseDistances, parallelDist predict.dbcsp.Rd: predict.lda Please provide package anchors for all Rd \link{} targets not in the package itself and the base packages. Flavors: r-devel-linux-x86_64-debian-clang, r-devel-linux-x86_64-debian-gcc, r-devel-windows-x86_64, r-patched-linux-x86_64, r-release-linux-x86_64, r-release-windows-x86_64

Version: 0.0.2.1
Check: examples
Result: NOTE Examples with CPU (user + system) or elapsed time > 5s user system elapsed dbcsp-package 2.923 0.642 5.18 Flavor: r-devel-linux-x86_64-debian-gcc