Last updated on 2025-02-22 00:49:42 CET.
Flavor | Version | Tinstall | Tcheck | Ttotal | Status | Flags |
---|---|---|---|---|---|---|
r-devel-linux-x86_64-debian-clang | 0.70 | 0.44 | 1.77 | 2.21 | ERROR | |
r-devel-linux-x86_64-debian-gcc | 0.70 | 15.24 | 115.40 | 130.64 | NOTE | |
r-devel-linux-x86_64-fedora-clang | 0.70 | 290.07 | OK | |||
r-devel-linux-x86_64-fedora-gcc | 0.70 | 270.49 | OK | |||
r-devel-macos-arm64 | 0.70 | 84.00 | OK | |||
r-devel-macos-x86_64 | 0.70 | 142.00 | OK | |||
r-devel-windows-x86_64 | 0.70 | 21.00 | 144.00 | 165.00 | NOTE | |
r-patched-linux-x86_64 | 0.70 | 26.50 | 144.55 | 171.05 | OK | |
r-release-linux-x86_64 | 0.70 | 18.38 | 145.39 | 163.77 | OK | |
r-release-macos-arm64 | 0.70 | 64.00 | OK | |||
r-release-macos-x86_64 | 0.70 | 99.00 | OK | |||
r-release-windows-x86_64 | 0.70 | 23.00 | 143.00 | 166.00 | OK | |
r-oldrel-macos-arm64 | 0.70 | 79.00 | OK | |||
r-oldrel-macos-x86_64 | 0.70 | 231.00 | OK | |||
r-oldrel-windows-x86_64 | 0.70 | 28.00 | 175.00 | 203.00 | OK |
Version: 0.70
Check: package dependencies
Result: ERROR
Package required but not available: ‘dartR.base’
See section ‘The DESCRIPTION file’ in the ‘Writing R Extensions’
manual.
Flavor: r-devel-linux-x86_64-debian-clang
Version: 0.70
Check: Rd cross-references
Result: NOTE
Found the following Rd file(s) with Rd \link{} targets missing package
anchors:
gl.diagnostics.sim.Rd: gl.filter.callrate
Please provide package anchors for all Rd \link{} targets not in the
package itself and the base packages.
Flavors: r-devel-linux-x86_64-debian-gcc, r-devel-windows-x86_64