CRAN Package Check Results for Package danstat

Last updated on 2025-04-29 01:49:30 CEST.

Flavor Version Tinstall Tcheck Ttotal Status Flags
r-devel-linux-x86_64-debian-clang 0.2.0 4.07 43.51 47.58 OK
r-devel-linux-x86_64-debian-gcc 0.2.0 2.72 34.46 37.18 NOTE
r-devel-linux-x86_64-fedora-clang 0.2.0 73.02 OK
r-devel-linux-x86_64-fedora-gcc 0.2.0 84.62 OK
r-devel-windows-x86_64 0.2.0 5.00 70.00 75.00 OK
r-patched-linux-x86_64 0.2.0 3.74 41.29 45.03 OK
r-release-linux-x86_64 0.2.0 3.46 42.11 45.57 OK
r-release-macos-arm64 0.2.0 70.00 OK
r-release-macos-x86_64 0.2.0 99.00 OK
r-release-windows-x86_64 0.2.0 6.00 74.00 80.00 OK
r-oldrel-macos-arm64 0.2.0 72.00 OK
r-oldrel-macos-x86_64 0.2.0 82.00 OK
r-oldrel-windows-x86_64 0.2.0 7.00 81.00 88.00 OK

Check Details

Version: 0.2.0
Check: CRAN incoming feasibility
Result: NOTE Maintainer: ‘Valeri Voev <v_voev@yahoo.com>’ No Authors@R field in DESCRIPTION. Please add one, modifying Authors@R: person(given = "Valeri", family = "Voev", role = c("aut", "cre"), email = "v_voev@yahoo.com") as necessary. Flavor: r-devel-linux-x86_64-debian-gcc