Last updated on 2025-05-07 00:50:19 CEST.
Flavor | Version | Tinstall | Tcheck | Ttotal | Status | Flags |
---|---|---|---|---|---|---|
r-devel-linux-x86_64-debian-clang | 0.1.0 | 2.21 | 23.84 | 26.05 | NOTE | |
r-devel-linux-x86_64-debian-gcc | 0.1.0 | 2.02 | 19.65 | 21.67 | NOTE | |
r-devel-linux-x86_64-fedora-clang | 0.1.0 | 38.96 | OK | |||
r-devel-linux-x86_64-fedora-gcc | 0.1.0 | 38.15 | OK | |||
r-devel-windows-x86_64 | 0.1.0 | 5.00 | 44.00 | 49.00 | OK | |
r-patched-linux-x86_64 | 0.1.0 | 2.47 | 21.92 | 24.39 | OK | |
r-release-linux-x86_64 | 0.1.0 | 2.58 | 21.72 | 24.30 | OK | |
r-release-macos-arm64 | 0.1.0 | 18.00 | OK | |||
r-release-macos-x86_64 | 0.1.0 | 27.00 | OK | |||
r-release-windows-x86_64 | 0.1.0 | 5.00 | 45.00 | 50.00 | OK | |
r-oldrel-macos-arm64 | 0.1.0 | 18.00 | NOTE | |||
r-oldrel-macos-x86_64 | 0.1.0 | 24.00 | NOTE | |||
r-oldrel-windows-x86_64 | 0.1.0 | 6.00 | 50.00 | 56.00 | NOTE |
Version: 0.1.0
Check: CRAN incoming feasibility
Result: NOTE
Maintainer: ‘Mauricio Vargas <oec@media.mit.edu>’
No Authors@R field in DESCRIPTION.
Please add one, modifying
Authors@R: c(person(given = "Mauricio",
family = "Vargas",
role = c("aut", "cre"),
email = "oec@media.mit.edu"),
person(given = "Joshua",
family = "Kunst",
role = "aut"),
person(given = "Dave",
family = "Landry",
role = "ctb"),
person(family = "Datawheel",
role = "cph"))
as necessary.
Flavors: r-devel-linux-x86_64-debian-clang, r-devel-linux-x86_64-debian-gcc
Version: 0.1.0
Check: LazyData
Result: NOTE
'LazyData' is specified without a 'data' directory
Flavors: r-oldrel-macos-arm64, r-oldrel-macos-x86_64, r-oldrel-windows-x86_64