CRAN Package Check Results for Package d3Network

Last updated on 2025-07-20 01:49:26 CEST.

Flavor Version Tinstall Tcheck Ttotal Status Flags
r-devel-linux-x86_64-debian-clang 0.5.2.1 2.61 26.59 29.20 NOTE
r-devel-linux-x86_64-debian-gcc 0.5.2.1 2.05 21.79 23.84 NOTE
r-devel-linux-x86_64-fedora-clang 0.5.2.1 44.39 OK
r-devel-linux-x86_64-fedora-gcc 0.5.2.1 42.27 OK
r-devel-windows-x86_64 0.5.2.1 4.00 49.00 53.00 OK
r-patched-linux-x86_64 0.5.2.1 2.60 25.22 27.82 OK
r-release-linux-x86_64 0.5.2.1 2.25 25.10 27.35 OK
r-release-macos-arm64 0.5.2.1 17.00 OK
r-release-macos-x86_64 0.5.2.1 33.00 OK
r-release-windows-x86_64 0.5.2.1 3.00 48.00 51.00 OK
r-oldrel-macos-arm64 0.5.2.1 18.00 OK
r-oldrel-macos-x86_64 0.5.2.1 27.00 OK
r-oldrel-windows-x86_64 0.5.2.1 5.00 53.00 58.00 OK

Check Details

Version: 0.5.2.1
Check: CRAN incoming feasibility
Result: NOTE Maintainer: ‘Christopher Gandrud <christopher.gandrud@gmail.com>’ No Authors@R field in DESCRIPTION. Please add one, modifying Authors@R: person(given = "Christopher", family = "Gandrud", role = c("aut", "cre"), email = "christopher.gandrud@gmail.com") as necessary. Flavors: r-devel-linux-x86_64-debian-clang, r-devel-linux-x86_64-debian-gcc