Last updated on 2025-04-29 01:49:30 CEST.
Flavor | Version | Tinstall | Tcheck | Ttotal | Status | Flags |
---|---|---|---|---|---|---|
r-devel-linux-x86_64-debian-clang | 0.1.0 | 3.01 | 35.44 | 38.45 | OK | |
r-devel-linux-x86_64-debian-gcc | 0.1.0 | 2.40 | 27.47 | 29.87 | NOTE | |
r-devel-linux-x86_64-fedora-clang | 0.1.0 | 60.21 | OK | |||
r-devel-linux-x86_64-fedora-gcc | 0.1.0 | 72.28 | OK | |||
r-devel-windows-x86_64 | 0.1.0 | 5.00 | 69.00 | 74.00 | OK | |
r-patched-linux-x86_64 | 0.1.0 | 5.00 | 34.39 | 39.39 | OK | |
r-release-linux-x86_64 | 0.1.0 | 2.98 | 34.27 | 37.25 | OK | |
r-release-macos-arm64 | 0.1.0 | 36.00 | OK | |||
r-release-macos-x86_64 | 0.1.0 | 52.00 | OK | |||
r-release-windows-x86_64 | 0.1.0 | 4.00 | 71.00 | 75.00 | OK | |
r-oldrel-macos-arm64 | 0.1.0 | 28.00 | OK | |||
r-oldrel-macos-x86_64 | 0.1.0 | 40.00 | OK | |||
r-oldrel-windows-x86_64 | 0.1.0 | 5.00 | 77.00 | 82.00 | OK |
Version: 0.1.0
Check: CRAN incoming feasibility
Result: NOTE
Maintainer: ‘Chris Mann <cmann3@unl.edu>’
No Authors@R field in DESCRIPTION.
Please add one, modifying
Authors@R: person(given = "Chris",
family = "Mann",
role = c("aut", "cre"),
email = "cmann3@unl.edu")
as necessary.
Flavor: r-devel-linux-x86_64-debian-gcc