Last updated on 2025-04-29 01:49:30 CEST.
Flavor | Version | Tinstall | Tcheck | Ttotal | Status | Flags |
---|---|---|---|---|---|---|
r-devel-linux-x86_64-debian-clang | 6.2.2 | 8.19 | 45.63 | 53.82 | NOTE | |
r-devel-linux-x86_64-debian-gcc | 6.2.2 | 7.33 | 35.33 | 42.66 | OK | |
r-devel-linux-x86_64-fedora-clang | 6.2.2 | 80.83 | NOTE | |||
r-devel-linux-x86_64-fedora-gcc | 6.2.2 | 90.85 | NOTE | |||
r-devel-windows-x86_64 | 6.2.2 | 65.00 | 178.00 | 243.00 | OK | |
r-patched-linux-x86_64 | 6.2.2 | 8.40 | 45.24 | 53.64 | NOTE | |
r-release-linux-x86_64 | 6.2.2 | 7.86 | 45.25 | 53.11 | NOTE | |
r-release-macos-arm64 | 6.2.2 | 164.00 | NOTE | |||
r-release-macos-x86_64 | 6.2.2 | 189.00 | NOTE | |||
r-release-windows-x86_64 | 6.2.2 | 68.00 | 185.00 | 253.00 | ERROR | |
r-oldrel-macos-arm64 | 6.2.2 | 171.00 | NOTE | |||
r-oldrel-macos-x86_64 | 6.2.2 | 214.00 | NOTE | |||
r-oldrel-windows-x86_64 | 6.2.2 | 1.00 | 7.00 | 8.00 | ERROR |
Version: 6.2.2
Check: compiled code
Result: NOTE
File ‘curl/libs/curl.so’:
Found non-API call to R: ‘R_new_custom_connection’
Compiled code should not call non-API entry points in R.
See ‘Writing portable packages’ in the ‘Writing R Extensions’ manual,
and section ‘Moving into C API compliance’ for issues with the use of
non-API entry points.
Flavors: r-devel-linux-x86_64-debian-clang, r-devel-linux-x86_64-fedora-clang, r-devel-linux-x86_64-fedora-gcc, r-patched-linux-x86_64, r-release-linux-x86_64, r-release-macos-arm64, r-release-macos-x86_64
Version: 6.2.2
Check: compiled code
Result: NOTE
File 'curl/libs/x64/curl.dll':
Found non-API call to R: 'R_new_custom_connection'
Compiled code should not call non-API entry points in R.
See 'Writing portable packages' in the 'Writing R Extensions' manual,
and section 'Moving into C API compliance' for issues with the use of
non-API entry points.
Flavor: r-release-windows-x86_64
Version: 6.2.2
Check: tests
Result: ERROR
Running 'spelling.R' [0s]
Running 'testthat.R' [55s]
Running the tests in 'tests/testthat.R' failed.
Complete output:
> library(testthat)
> library(curl)
Using libcurl 8.10.1 with Schannel
>
> # Comply with CRAN policy: skip tests if no internet
> if(curl::has_internet()){
+ test_check("curl")
+ }
This is libcurl version 8.10.1 with (OpenSSL/3.4.0) Schannel
Using test server: https://hb.opencpu.org
[ FAIL 1 | WARN 0 | SKIP 5 | PASS 254 ]
══ Skipped tests (5) ═══════════════════════════════════════════════════════════
• On CRAN (4): 'test-idn.R:4:3', 'test-multi-download.R:14:3',
'test-seek.R:2:3', 'test-winssl.R:2:3'
• grepl("UTF-8", Sys.getlocale()) is not TRUE (1): 'test-path.R:23:3'
══ Failed tests ════════════════════════════════════════════════════════════════
── Failure ('test-handle.R:139:3'): Error classes ──────────────────────────────
`curl_fetch_memory("https://httpbin.org/delay/10", handle = new_handle(timeout = 1L))` did not throw an error.
[ FAIL 1 | WARN 0 | SKIP 5 | PASS 254 ]
Error: Test failures
Execution halted
Flavor: r-release-windows-x86_64
Version: 6.2.2
Check: installed package size
Result: NOTE
installed size is 8.1Mb
sub-directories of 1Mb or more:
doc 1.8Mb
libs 6.0Mb
Flavors: r-oldrel-macos-arm64, r-oldrel-macos-x86_64
Version: 6.2.2
Check: compiled code
Result: NOTE
File ‘curl/libs/curl.so’:
Found non-API call to R: ‘R_new_custom_connection’
Compiled code should not call non-API entry points in R.
See ‘Writing portable packages’ in the ‘Writing R Extensions’ manual.
Flavors: r-oldrel-macos-arm64, r-oldrel-macos-x86_64
Version: 6.2.2
Check: whether package can be installed
Result: ERROR
Installation failed.
Flavor: r-oldrel-windows-x86_64